CRAN Package Check Results for Package rstantools

Last updated on 2021-03-03 01:48:55 CET.

Flavor Version Tinstall Tcheck Ttotal Status Flags
r-devel-linux-x86_64-debian-clang 2.1.1 OK
r-devel-linux-x86_64-debian-gcc 2.1.1 2.05 30.59 32.64 OK
r-devel-linux-x86_64-fedora-clang 2.1.1 59.88 NOTE
r-devel-linux-x86_64-fedora-gcc 2.1.1 50.84 NOTE
r-devel-windows-ix86+x86_64 2.1.1 7.00 60.00 67.00 OK
r-patched-linux-x86_64 2.1.1 2.63 39.06 41.69 OK
r-patched-solaris-x86 2.1.1 75.80 NOTE
r-release-linux-x86_64 2.1.1 2.74 39.20 41.94 OK
r-release-macos-x86_64 2.1.1 NOTE
r-release-windows-ix86+x86_64 2.1.1 5.00 45.00 50.00 OK
r-oldrel-macos-x86_64 2.1.1 NOTE
r-oldrel-windows-ix86+x86_64 2.1.1 28.00 55.00 83.00 OK

Check Details

Version: 2.1.1
Check: dependencies in R code
Result: NOTE
    Namespace in Imports field not imported from: ‘RcppParallel’
     All declared Imports should be used.
Flavors: r-devel-linux-x86_64-fedora-clang, r-devel-linux-x86_64-fedora-gcc, r-patched-solaris-x86, r-release-macos-x86_64, r-oldrel-macos-x86_64