CRAN Package Check Results for Package rstpm2

Last updated on 2019-12-07 00:53:47 CET.

Flavor Version Tinstall Tcheck Ttotal Status Flags
r-devel-linux-x86_64-debian-clang 1.5.1 142.53 154.55 297.08 OK
r-devel-linux-x86_64-debian-gcc 1.5.1 112.84 117.23 230.07 OK
r-devel-linux-x86_64-fedora-clang 1.5.1 384.37 NOTE
r-devel-linux-x86_64-fedora-gcc 1.5.1 370.35 OK
r-devel-windows-ix86+x86_64 1.5.1 226.00 300.00 526.00 NOTE
r-devel-windows-ix86+x86_64-gcc8 1.5.1 272.00 317.00 589.00 NOTE
r-patched-linux-x86_64 1.5.1 109.45 139.23 248.68 OK
r-patched-solaris-x86 1.5.1 390.70 OK
r-release-linux-x86_64 1.5.1 107.76 140.20 247.96 OK
r-release-windows-ix86+x86_64 1.5.1 281.00 238.00 519.00 NOTE
r-release-osx-x86_64 1.5.1 NOTE
r-oldrel-windows-ix86+x86_64 1.5.1 200.00 279.00 479.00 NOTE
r-oldrel-osx-x86_64 1.5.1 NOTE

Check Details

Version: 1.5.1
Check: installed package size
Result: NOTE
     installed size is 16.4Mb
     sub-directories of 1Mb or more:
     doc 1.4Mb
     libs 13.4Mb
Flavors: r-devel-linux-x86_64-fedora-clang, r-devel-windows-ix86+x86_64, r-devel-windows-ix86+x86_64-gcc8, r-release-windows-ix86+x86_64, r-release-osx-x86_64, r-oldrel-windows-ix86+x86_64, r-oldrel-osx-x86_64