CRAN Package Check Results for Package rstpm2

Last updated on 2020-07-09 01:57:50 CEST.

Flavor Version Tinstall Tcheck Ttotal Status Flags
r-devel-linux-x86_64-debian-clang 1.5.1 149.20 168.40 317.60 OK
r-devel-linux-x86_64-debian-gcc 1.5.1 117.87 128.15 246.02 OK
r-devel-linux-x86_64-fedora-clang 1.5.1 434.79 NOTE
r-devel-linux-x86_64-fedora-gcc 1.5.1 401.05 OK
r-devel-windows-ix86+x86_64 1.5.1 250.00 257.00 507.00 NOTE
r-patched-linux-x86_64 1.5.1 128.97 163.77 292.74 OK
r-patched-solaris-x86 1.5.1 419.40 OK
r-release-linux-x86_64 1.5.1 128.62 167.55 296.17 OK
r-release-osx-x86_64 1.5.1 NOTE
r-release-windows-ix86+x86_64 1.5.1 252.00 248.00 500.00 NOTE
r-oldrel-osx-x86_64 1.5.1 NOTE
r-oldrel-windows-ix86+x86_64 1.5.1 262.00 318.00 580.00 NOTE

Check Details

Version: 1.5.1
Check: installed package size
Result: NOTE
     installed size is 18.0Mb
     sub-directories of 1Mb or more:
     doc 1.4Mb
     libs 14.9Mb
Flavors: r-devel-linux-x86_64-fedora-clang, r-devel-windows-ix86+x86_64, r-release-osx-x86_64, r-release-windows-ix86+x86_64, r-oldrel-osx-x86_64, r-oldrel-windows-ix86+x86_64

Version: 1.5.1
Check: Rd cross-references
Result: NOTE
    Undeclared packages ‘survPen’, ‘flexsurv’ in Rd xrefs
Flavor: r-devel-linux-x86_64-fedora-clang