CRAN Package Check Results for Package rsvg

Last updated on 2021-02-25 00:47:51 CET.

Flavor Version Tinstall Tcheck Ttotal Status Flags
r-devel-linux-x86_64-debian-clang 2.1 2.98 28.96 31.94 OK
r-devel-linux-x86_64-debian-gcc 2.1 2.13 22.38 24.51 OK
r-devel-linux-x86_64-fedora-clang 2.1 48.88 NOTE
r-devel-linux-x86_64-fedora-gcc 2.1 39.56 NOTE
r-devel-windows-ix86+x86_64 2.1 25.00 175.00 200.00 WARN
r-patched-linux-x86_64 2.1 2.79 28.37 31.16 OK
r-release-linux-x86_64 2.1 2.49 27.18 29.67 OK
r-release-macos-x86_64 2.1 NOTE
r-release-windows-ix86+x86_64 2.1 20.00 158.00 178.00 WARN
r-oldrel-macos-x86_64 2.1 NOTE
r-oldrel-windows-ix86+x86_64 2.1 24.00 233.00 257.00 WARN

Check Details

Version: 2.1
Check: top-level files
Result: NOTE
    ‘configure’: ‘env bash’ is not portable as bash need not be installed
Flavors: r-devel-linux-x86_64-fedora-clang, r-devel-linux-x86_64-fedora-gcc

Version: 2.1
Check: installed package size
Result: NOTE
     installed size is 29.6Mb
     sub-directories of 1Mb or more:
     libs 29.3Mb
Flavors: r-devel-windows-ix86+x86_64, r-release-macos-x86_64, r-release-windows-ix86+x86_64, r-oldrel-macos-x86_64, r-oldrel-windows-ix86+x86_64

Version: 2.1
Check: re-building of vignette outputs
Result: WARN
    Error(s) in re-building vignettes:
    --- re-building 'svg-css.Rmd' using rmarkdown
    Warning in engine$weave(file, quiet = quiet, encoding = enc) :
     The vignette engine knitr::rmarkdown is not available because the rmarkdown package is not available. Did you forget to add it to Suggests in DESCRIPTION? Please see https://github.com/yihui/knitr/issues/1864 for more information.
    Quitting from lines 84-87 (svg-css.Rmd)
    Error: processing vignette 'svg-css.Rmd' failed with diagnostics:
    cannot open the connection
    --- failed re-building 'svg-css.Rmd'
    
    SUMMARY: processing the following file failed:
     'svg-css.Rmd'
    
    Error: Vignette re-building failed.
    Execution halted
Flavors: r-devel-windows-ix86+x86_64, r-release-windows-ix86+x86_64, r-oldrel-windows-ix86+x86_64