CRAN Package Check Results for Package rtdists

Last updated on 2020-02-20 00:54:26 CET.

Flavor Version Tinstall Tcheck Ttotal Status Flags
r-devel-linux-x86_64-debian-clang 0.10-0 26.85 414.35 441.20 ERROR
r-devel-linux-x86_64-debian-gcc 0.10-0 17.87 303.14 321.01 OK
r-devel-linux-x86_64-fedora-clang 0.10-0 542.78 OK
r-devel-linux-x86_64-fedora-gcc 0.10-0 524.74 OK
r-devel-windows-ix86+x86_64 0.10-0 48.00 606.00 654.00 OK
r-devel-windows-ix86+x86_64-gcc8 0.10-0 74.00 666.00 740.00 OK
r-patched-linux-x86_64 0.10-0 21.22 353.01 374.23 OK
r-patched-solaris-x86 0.10-0 524.50 OK
r-release-linux-x86_64 0.10-0 19.80 362.10 381.90 OK
r-release-windows-ix86+x86_64 0.10-0 47.00 564.00 611.00 OK
r-release-osx-x86_64 0.10-0 OK
r-oldrel-windows-ix86+x86_64 0.10-0 39.00 572.00 611.00 OK
r-oldrel-osx-x86_64 0.10-0 OK

Check Details

Version: 0.10-0
Check: tests
Result: ERROR
     Running 'testthat.R' [243s/268s]
    Running the tests in 'tests/testthat.R' failed.
    Complete output:
     > library(testthat)
     >
     > test_check("rtdists")
     Loading required package: rtdists
     -- 1. Error: diffusion functions are identical with all input options (@test-dif
     response needs to be either 'upper', 'lower', or as.numeric(response) %in% 1:2!
     Backtrace:
     1. testthat::expect_identical(...)
     4. rtdists::qdiffusion(...)
     8. rtdists:::f(arg, ...)
     9. rtdists::pdiffusion(...)
    
     == testthat results ===========================================================
     [ OK: 7272 | SKIPPED: 15 | WARNINGS: 1 | FAILED: 1 ]
     1. Error: diffusion functions are identical with all input options (@test-diffusion.R#37)
    
     Error: testthat unit tests failed
     Execution halted
Flavor: r-devel-linux-x86_64-debian-clang