CRAN Package Check Results for Package rtmpt

Last updated on 2021-12-03 00:48:55 CET.

Flavor Version Tinstall Tcheck Ttotal Status Flags
r-devel-linux-x86_64-debian-clang 0.2-2 39.90 64.37 104.27 OK
r-devel-linux-x86_64-debian-gcc 0.2-2 24.70 48.72 73.42 OK
r-devel-linux-x86_64-fedora-clang 0.2-2 151.98 OK
r-devel-linux-x86_64-fedora-gcc 0.2-2 116.91 OK
r-devel-windows-x86_64-new-UL 0.2-2 62.00 142.00 204.00 OK
r-devel-windows-x86_64-new-TK 0.2-2 OK
r-devel-windows-x86_64-old 0.2-2 45.00 73.00 118.00 OK
r-patched-linux-x86_64 0.2-2 27.59 61.61 89.20 OK
r-patched-solaris-x86 0.2-2 167.60 OK
r-release-linux-x86_64 0.2-2 27.15 60.96 88.11 OK
r-release-macos-arm64 0.2-2 NOTE
r-release-macos-x86_64 0.2-2 NOTE
r-release-windows-ix86+x86_64 0.2-2 81.00 118.00 199.00 OK
r-oldrel-macos-x86_64 0.2-2 NOTE
r-oldrel-windows-ix86+x86_64 0.2-2 80.00 113.00 193.00 OK

Check Details

Version: 0.2-2
Check: installed package size
Result: NOTE
     installed size is 5.7Mb
     sub-directories of 1Mb or more:
     libs 4.3Mb
Flavors: r-release-macos-arm64, r-release-macos-x86_64, r-oldrel-macos-x86_64