Last updated on 2023-11-30 08:50:07 CET.
Flavor | Version | Tinstall | Tcheck | Ttotal | Status | Flags |
---|---|---|---|---|---|---|
r-devel-linux-x86_64-debian-clang | 0.6-8 | 13.94 | 226.89 | 240.83 | OK | |
r-devel-linux-x86_64-debian-gcc | 0.6-8 | 11.42 | 157.73 | 169.15 | OK | |
r-devel-linux-x86_64-fedora-clang | 0.6-8 | 297.70 | OK | |||
r-devel-linux-x86_64-fedora-gcc | 0.6-8 | 293.73 | OK | |||
r-devel-windows-x86_64 | 0.6-8 | 16.00 | 159.00 | 175.00 | OK | |
r-patched-linux-x86_64 | 0.6-8 | 18.87 | 208.70 | 227.57 | OK | |
r-release-linux-x86_64 | 0.6-8 | 10.71 | 206.09 | 216.80 | OK | |
r-release-macos-arm64 | 0.6-8 | 99.00 | OK | |||
r-release-macos-x86_64 | 0.6-8 | 168.00 | NOTE | |||
r-release-windows-x86_64 | 0.6-8 | 21.00 | 207.00 | 228.00 | OK | |
r-oldrel-macos-arm64 | 0.6-8 | 74.00 | OK | |||
r-oldrel-macos-x86_64 | 0.6-6 | 95.00 | OK | |||
r-oldrel-windows-x86_64 | 0.6-8 | 19.00 | 207.00 | 226.00 | OK |
Version: 0.6-8
Check: package dependencies
Result: NOTE
Package suggested but not available for checking: ‘intamap’
Flavor: r-release-macos-x86_64