CRAN Package Check Results for Package rtrends

Last updated on 2024-04-19 20:56:50 CEST.

Flavor Version Tinstall Tcheck Ttotal Status Flags
r-devel-linux-x86_64-debian-clang 0.1.0 2.00 21.98 23.98 OK
r-devel-linux-x86_64-debian-gcc 0.1.0 OK
r-devel-linux-x86_64-fedora-clang 0.1.0 31.38 NOTE
r-devel-linux-x86_64-fedora-gcc 0.1.0 29.80 NOTE
r-prerel-macos-arm64 0.1.0 15.00 OK
r-prerel-windows-x86_64 0.1.0 4.00 40.00 44.00 OK
r-patched-linux-x86_64 0.1.0 1.53 21.37 22.90 OK
r-release-linux-x86_64 0.1.0 1.37 21.18 22.55 OK
r-release-macos-arm64 0.1.0 17.00 OK
r-release-macos-x86_64 0.1.0 20.00 OK
r-release-windows-x86_64 0.1.0 4.00 39.00 43.00 OK
r-oldrel-macos-arm64 0.1.0 15.00 NOTE
r-oldrel-windows-x86_64 0.1.0 4.00 45.00 49.00 OK

Check Details

Version: 0.1.0
Check: dependencies in R code
Result: NOTE Namespace in Imports field not imported from: ‘dplyr’ All declared Imports should be used. Flavors: r-devel-linux-x86_64-fedora-clang, r-devel-linux-x86_64-fedora-gcc, r-oldrel-macos-arm64