Last updated on 2023-12-04 07:51:19 CET.
Flavor | Version | Tinstall | Tcheck | Ttotal | Status | Flags |
---|---|---|---|---|---|---|
r-devel-linux-x86_64-debian-clang | 0.3.1 | 285.69 | 400.29 | 685.98 | NOTE | |
r-devel-linux-x86_64-debian-gcc | 0.3.1 | 197.07 | 352.88 | 549.95 | NOTE | |
r-devel-linux-x86_64-fedora-clang | 0.3.1 | 880.19 | NOTE | |||
r-devel-linux-x86_64-fedora-gcc | 0.3.1 | 969.80 | NOTE | |||
r-devel-windows-x86_64 | 0.3.1 | 202.00 | 346.00 | 548.00 | NOTE | |
r-patched-linux-x86_64 | 0.3.1 | 238.45 | 467.73 | 706.18 | NOTE | |
r-release-linux-x86_64 | 0.3.1 | 232.00 | 467.07 | 699.07 | NOTE | |
r-release-macos-arm64 | 0.3.1 | 432.00 | NOTE | |||
r-release-macos-x86_64 | 0.3.1 | 622.00 | NOTE | |||
r-release-windows-x86_64 | 0.3.1 | 189.00 | 356.00 | 545.00 | NOTE | |
r-oldrel-macos-arm64 | 0.3.1 | 374.00 | NOTE | |||
r-oldrel-macos-x86_64 | 0.3.1 | 500.00 | NOTE | |||
r-oldrel-windows-x86_64 | 0.3.1 | 262.00 | 359.00 | 621.00 | NOTE |
Version: 0.3.1
Check: C++ specification
Result: NOTE
Specified C++11: please drop specification unless essential
Flavors: r-devel-linux-x86_64-debian-clang, r-devel-linux-x86_64-debian-gcc, r-devel-linux-x86_64-fedora-clang, r-devel-linux-x86_64-fedora-gcc, r-devel-windows-x86_64, r-patched-linux-x86_64, r-release-linux-x86_64, r-release-macos-arm64, r-release-macos-x86_64, r-release-windows-x86_64
Version: 0.3.1
Check: Rd files
Result: NOTE
checkRd: (-1) starspace.Rd:108: Lost braces; missing escapes or markup?
108 | \item loss: loss function {hinge, softmax} [hinge]
| ^
checkRd: (-1) starspace_dictionary.Rd:15: Lost braces in \enumerate; \value handles \item{}{} directly
checkRd: (-1) starspace_dictionary.Rd:16: Lost braces in \enumerate; \value handles \item{}{} directly
checkRd: (-1) starspace_dictionary.Rd:17: Lost braces in \enumerate; \value handles \item{}{} directly
checkRd: (-1) starspace_dictionary.Rd:18: Lost braces in \enumerate; \value handles \item{}{} directly
checkRd: (-1) starspace_dictionary.Rd:19: Lost braces in \enumerate; \value handles \item{}{} directly
checkRd: (-1) starspace_dictionary.Rd:20-21: Lost braces in \enumerate; \value handles \item{}{} directly
Flavors: r-devel-linux-x86_64-debian-clang, r-devel-linux-x86_64-debian-gcc
Version: 0.3.1
Check: installed package size
Result: NOTE
installed size is 5.7Mb
sub-directories of 1Mb or more:
data 3.8Mb
libs 1.4Mb
Flavors: r-devel-windows-x86_64, r-release-macos-arm64, r-release-macos-x86_64, r-release-windows-x86_64, r-oldrel-macos-arm64, r-oldrel-macos-x86_64, r-oldrel-windows-x86_64