CRAN Package Check Results for Package ruimtehol

Last updated on 2021-09-23 01:49:57 CEST.

Flavor Version Tinstall Tcheck Ttotal Status Flags
r-devel-linux-x86_64-debian-clang 0.3 294.48 415.98 710.46 OK
r-devel-linux-x86_64-debian-gcc 0.3 183.47 365.84 549.31 OK
r-devel-linux-x86_64-fedora-clang 0.3 895.16 NOTE
r-devel-linux-x86_64-fedora-gcc 0.3 886.54 OK
r-devel-windows-x86_64 0.3 278.00 331.00 609.00 NOTE
r-devel-windows-x86_64-gcc10-UCRT 0.3 ERROR
r-patched-linux-x86_64 0.3 223.31 493.55 716.86 OK
r-patched-solaris-x86 0.3 1177.80 NOTE
r-release-linux-x86_64 0.3 224.06 468.36 692.42 OK
r-release-macos-arm64 0.3 NOTE
r-release-macos-x86_64 0.3 NOTE
r-release-windows-ix86+x86_64 0.3 646.00 372.00 1018.00 NOTE
r-oldrel-macos-x86_64 0.3 NOTE
r-oldrel-windows-ix86+x86_64 0.3 504.00 382.00 886.00 NOTE

Check Details

Version: 0.3
Check: installed package size
Result: NOTE
     installed size is 10.2Mb
     sub-directories of 1Mb or more:
     data 3.8Mb
     libs 5.9Mb
Flavors: r-devel-linux-x86_64-fedora-clang, r-devel-windows-x86_64, r-patched-solaris-x86, r-release-macos-arm64, r-release-macos-x86_64, r-release-windows-ix86+x86_64, r-oldrel-macos-x86_64, r-oldrel-windows-ix86+x86_64

Version: 0.3
Check: whether package can be installed
Result: ERROR
    Installation failed.
Flavor: r-devel-windows-x86_64-gcc10-UCRT