CRAN Package Check Results for Package runMCMCbtadjust

Last updated on 2024-02-20 09:00:44 CET.

Flavor Version Tinstall Tcheck Ttotal Status Flags
r-devel-linux-x86_64-debian-clang 1.0.5 OK
r-devel-linux-x86_64-debian-gcc 1.0.5 3.64 312.55 316.19 OK
r-devel-linux-x86_64-fedora-clang 1.0.5 520.40 OK
r-devel-linux-x86_64-fedora-gcc 1.0.5 544.76 OK
r-devel-windows-x86_64 1.0.5 4.00 346.00 350.00 ERROR
r-patched-linux-x86_64 1.0.5 4.20 423.14 427.34 WARN
r-release-linux-x86_64 1.0.5 4.55 421.45 426.00 WARN
r-release-macos-arm64 1.0.5 156.00 WARN
r-release-macos-x86_64 1.0.5 355.00 WARN
r-release-windows-x86_64 1.0.5 5.00 401.00 406.00 OK
r-oldrel-macos-arm64 1.0.5 132.00 WARN
r-oldrel-windows-x86_64 1.0.5 5.00 386.00 391.00 OK

Check Details

Version: 1.0.5
Check: re-building of vignette outputs
Result: ERROR Error(s) in re-building vignettes: --- re-building 'runMCMCbtadjust_Presentation.Rmd' using knitr INFORMATION: Es konnten keine Dateien mit dem angegebenen Muster gefunden werden. INFORMATION: Es konnten keine Dateien mit dem angegebenen Muster gefunden werden. Quitting from lines 37-45 [greta model running with runMCMC_btadjust] (./../man/fragments/Greta_fragment.Rmd) Quitting from lines 37-45 [unnamed-chunk-4] (./../man/fragments/Greta_fragment.Rmd) Error: processing vignette 'runMCMCbtadjust_Presentation.Rmd' failed with diagnostics: argument "..2" is missing, with no default --- failed re-building 'runMCMCbtadjust_Presentation.Rmd' SUMMARY: processing the following file failed: 'runMCMCbtadjust_Presentation.Rmd' Error: Vignette re-building failed. Execution halted Flavor: r-devel-windows-x86_64

Version: 1.0.5
Check: DESCRIPTION meta-information
Result: WARN Non-standard license specification: CECILL-2.1 Standardizable: FALSE Flavors: r-patched-linux-x86_64, r-release-linux-x86_64, r-release-macos-arm64, r-release-macos-x86_64, r-oldrel-macos-arm64