Last updated on 2023-03-30 06:53:27 CEST.
Flavor | Version | Tinstall | Tcheck | Ttotal | Status | Flags |
---|---|---|---|---|---|---|
r-devel-linux-x86_64-debian-clang | 1.1.0 | 2.70 | 34.38 | 37.08 | NOTE | |
r-devel-linux-x86_64-debian-gcc | 1.1.0 | 2.42 | 27.10 | 29.52 | NOTE | |
r-devel-linux-x86_64-fedora-clang | 1.1.0 | 47.36 | NOTE | |||
r-devel-linux-x86_64-fedora-gcc | 1.1.0 | 56.43 | NOTE | |||
r-patched-linux-x86_64 | 1.1.0 | 3.19 | 35.91 | 39.10 | NOTE | |
r-release-linux-x86_64 | 1.1.0 | 2.61 | 33.90 | 36.51 | NOTE | |
r-release-macos-arm64 | 1.1.0 | 24.00 | NOTE | |||
r-release-macos-x86_64 | 1.1.0 | 36.00 | NOTE | |||
r-release-windows-x86_64 | 1.1.0 | 204.00 | 73.00 | 277.00 | NOTE | |
r-oldrel-macos-arm64 | 1.1.0 | 21.00 | NOTE | |||
r-oldrel-macos-x86_64 | 1.1.0 | 35.00 | NOTE | |||
r-oldrel-windows-ix86+x86_64 | 1.1.0 | 7.00 | 60.00 | 67.00 | NOTE |
Version: 1.1.0
Check: LazyData
Result: NOTE
'LazyData' is specified without a 'data' directory
Flavors: r-devel-linux-x86_64-debian-clang, r-devel-linux-x86_64-debian-gcc, r-devel-linux-x86_64-fedora-clang, r-devel-linux-x86_64-fedora-gcc, r-patched-linux-x86_64, r-release-linux-x86_64, r-release-macos-arm64, r-release-macos-x86_64, r-release-windows-x86_64, r-oldrel-macos-arm64, r-oldrel-macos-x86_64, r-oldrel-windows-ix86+x86_64
Version: 1.1.0
Check: installed package size
Result: NOTE
installed size is 5.3Mb
sub-directories of 1Mb or more:
doc 4.7Mb
Flavors: r-devel-linux-x86_64-fedora-clang, r-release-macos-arm64, r-release-macos-x86_64, r-release-windows-x86_64, r-oldrel-macos-arm64, r-oldrel-macos-x86_64, r-oldrel-windows-ix86+x86_64