CRAN Package Check Results for Package rust

Last updated on 2019-12-06 00:50:11 CET.

Flavor Version Tinstall Tcheck Ttotal Status Flags
r-devel-linux-x86_64-debian-clang 1.3.7 50.80 260.91 311.71 OK
r-devel-linux-x86_64-debian-gcc 1.3.7 40.31 183.11 223.42 OK
r-devel-linux-x86_64-fedora-clang 1.3.7 309.29 OK
r-devel-linux-x86_64-fedora-gcc 1.3.7 353.68 OK
r-devel-windows-ix86+x86_64 1.3.7 129.00 126.00 255.00 ERROR
r-devel-windows-ix86+x86_64-gcc8 1.3.7 109.00 417.00 526.00 WARN
r-patched-linux-x86_64 1.3.7 41.23 233.78 275.01 OK
r-patched-solaris-x86 1.3.7 392.40 OK
r-release-linux-x86_64 1.3.7 40.82 234.88 275.70 OK
r-release-windows-ix86+x86_64 1.3.7 127.00 269.00 396.00 OK
r-release-osx-x86_64 1.3.7 OK
r-oldrel-windows-ix86+x86_64 1.3.7 88.00 350.00 438.00 OK
r-oldrel-osx-x86_64 1.3.7 OK

Check Details

Version: 1.3.7
Check: running examples for arch ‘i386’
Result: ERROR
    Running examples in 'rust-Ex.R' failed
    The error most likely occurred in:
    
    > ### Name: find_lambda_one_d
    > ### Title: Selecting Box-Cox parameter lambda in the one-dimensional case
    > ### Aliases: find_lambda_one_d
    >
    > ### ** Examples
    >
    > # Log-normal density ===================
    >
    > # Note: the default value of max_phi = 10 is OK here but this will not
    > # always be the case.
    >
    > lambda <- find_lambda_one_d(logf = dlnorm, log = TRUE)
    Error in library.dynam(lib, package, package.lib) :
     DLL 'Matrix' not found: maybe not installed for this architecture?
    Calls: find_lambda_one_d ... loadNamespace -> namespaceImport -> loadNamespace -> library.dynam
    Execution halted
Flavor: r-devel-windows-ix86+x86_64

Version: 1.3.7
Check: running tests for arch ‘i386’
Result: ERROR
     Running 'testthat.R' [0s]
Flavor: r-devel-windows-ix86+x86_64

Version: 1.3.7
Check: re-building of vignette outputs
Result: WARN
    Error(s) in re-building vignettes:
    --- re-building 'rust-a-vignette.Rmd' using rmarkdown
    Error: processing vignette 'rust-a-vignette.Rmd' failed with diagnostics:
    there is no package called 'stringi'
    --- failed re-building 'rust-a-vignette.Rmd'
    
    --- re-building 'rust-b-when-to-use-vignette.Rmd' using rmarkdown
    Error: processing vignette 'rust-b-when-to-use-vignette.Rmd' failed with diagnostics:
    there is no package called 'stringi'
    --- failed re-building 'rust-b-when-to-use-vignette.Rmd'
    
    --- re-building 'rust-c-using-rcpp-vignette.Rmd' using rmarkdown
    Error: processing vignette 'rust-c-using-rcpp-vignette.Rmd' failed with diagnostics:
    there is no package called 'stringi'
    --- failed re-building 'rust-c-using-rcpp-vignette.Rmd'
    
    SUMMARY: processing the following files failed:
     'rust-a-vignette.Rmd' 'rust-b-when-to-use-vignette.Rmd'
     'rust-c-using-rcpp-vignette.Rmd'
    
    Error: Vignette re-building failed.
    Execution halted
Flavor: r-devel-windows-ix86+x86_64

Version: 1.3.7
Check: re-building of vignette outputs
Result: WARN
    Error(s) in re-building vignettes:
    --- re-building 'rust-a-vignette.Rmd' using rmarkdown
    --- finished re-building 'rust-a-vignette.Rmd'
    
    --- re-building 'rust-b-when-to-use-vignette.Rmd' using rmarkdown
    Quitting from lines 97-106 (rust-b-when-to-use-vignette.Rmd)
    Error: processing vignette 'rust-b-when-to-use-vignette.Rmd' failed with diagnostics:
    missing value where TRUE/FALSE needed
    --- failed re-building 'rust-b-when-to-use-vignette.Rmd'
    
    --- re-building 'rust-c-using-rcpp-vignette.Rmd' using rmarkdown
    --- finished re-building 'rust-c-using-rcpp-vignette.Rmd'
    
    SUMMARY: processing the following file failed:
     'rust-b-when-to-use-vignette.Rmd'
    
    Error: Vignette re-building failed.
    Execution halted
Flavor: r-devel-windows-ix86+x86_64-gcc8