CRAN Package Check Results for Package rvTDT

Last updated on 2020-02-17 00:49:26 CET.

Flavor Version Tinstall Tcheck Ttotal Status Flags
r-devel-linux-x86_64-debian-clang 1.0 2.18 20.42 22.60 NOTE
r-devel-linux-x86_64-debian-gcc 1.0 1.81 16.30 18.11 NOTE
r-devel-linux-x86_64-fedora-clang 1.0 28.94 NOTE
r-devel-linux-x86_64-fedora-gcc 1.0 26.96 NOTE
r-devel-windows-ix86+x86_64 1.0 5.00 34.00 39.00 NOTE
r-devel-windows-ix86+x86_64-gcc8 1.0 8.00 32.00 40.00 NOTE
r-patched-linux-x86_64 1.0 1.89 18.75 20.64 NOTE
r-patched-solaris-x86 1.0 40.20 NOTE
r-release-linux-x86_64 1.0 1.62 18.78 20.40 NOTE
r-release-windows-ix86+x86_64 1.0 4.00 43.00 47.00 NOTE
r-release-osx-x86_64 1.0 NOTE
r-oldrel-windows-ix86+x86_64 1.0 3.00 28.00 31.00 NOTE
r-oldrel-osx-x86_64 1.0 NOTE

Check Details

Version: 1.0
Check: DESCRIPTION meta-information
Result: NOTE
    Malformed Description field: should contain one or more complete sentences.
Flavors: r-devel-linux-x86_64-debian-clang, r-devel-linux-x86_64-debian-gcc, r-devel-linux-x86_64-fedora-clang, r-devel-linux-x86_64-fedora-gcc, r-devel-windows-ix86+x86_64, r-devel-windows-ix86+x86_64-gcc8, r-patched-linux-x86_64, r-patched-solaris-x86, r-release-linux-x86_64, r-release-windows-ix86+x86_64, r-release-osx-x86_64, r-oldrel-windows-ix86+x86_64, r-oldrel-osx-x86_64

Version: 1.0
Check: R code for possible problems
Result: NOTE
    lc_TDT: no visible global function definition for 'pchisq'
    rvTDT: no visible global function definition for 'dbeta'
    Undefined global functions or variables:
     dbeta pchisq
    Consider adding
     importFrom("stats", "dbeta", "pchisq")
    to your NAMESPACE file.
Flavors: r-devel-linux-x86_64-debian-clang, r-devel-linux-x86_64-debian-gcc, r-devel-linux-x86_64-fedora-clang, r-devel-linux-x86_64-fedora-gcc, r-devel-windows-ix86+x86_64, r-devel-windows-ix86+x86_64-gcc8, r-patched-linux-x86_64, r-patched-solaris-x86, r-release-linux-x86_64, r-release-windows-ix86+x86_64, r-release-osx-x86_64, r-oldrel-windows-ix86+x86_64, r-oldrel-osx-x86_64