CRAN Package Check Results for Package rvest

Last updated on 2021-05-15 01:49:56 CEST.

Flavor Version Tinstall Tcheck Ttotal Status Flags
r-devel-linux-x86_64-debian-clang 1.0.0 4.24 43.22 47.46 NOTE
r-devel-linux-x86_64-debian-gcc 1.0.0 3.01 35.03 38.04 NOTE
r-devel-linux-x86_64-fedora-clang 1.0.0 69.48 NOTE
r-devel-linux-x86_64-fedora-gcc 1.0.0 56.34 NOTE
r-devel-windows-ix86+x86_64 1.0.0 8.00 57.00 65.00 NOTE
r-devel-windows-x86_64-gcc10-UCRT 1.0.0 NOTE
r-patched-linux-x86_64 1.0.0 4.37 42.14 46.51 NOTE
r-patched-solaris-x86 1.0.0 84.30 NOTE
r-release-linux-x86_64 1.0.0 3.94 42.63 46.57 OK
r-release-macos-x86_64 1.0.0 OK
r-release-windows-ix86+x86_64 1.0.0 7.00 83.00 90.00 OK
r-oldrel-macos-x86_64 1.0.0 OK
r-oldrel-windows-ix86+x86_64 1.0.0 5.00 68.00 73.00 OK

Check Details

Version: 1.0.0
Check: LazyData
Result: NOTE
     'LazyData' is specified without a 'data' directory
Flavors: r-devel-linux-x86_64-debian-clang, r-devel-linux-x86_64-debian-gcc, r-devel-linux-x86_64-fedora-clang, r-devel-linux-x86_64-fedora-gcc, r-devel-windows-ix86+x86_64, r-devel-windows-x86_64-gcc10-UCRT, r-patched-linux-x86_64, r-patched-solaris-x86