CRAN Package Check Results for Package rwunderground

Last updated on 2021-04-19 02:47:01 CEST.

Flavor Version Tinstall Tcheck Ttotal Status Flags
r-devel-linux-x86_64-debian-clang 0.1.8 3.59 31.17 34.76 NOTE
r-devel-linux-x86_64-debian-gcc 0.1.8 2.98 24.14 27.12 NOTE
r-devel-linux-x86_64-fedora-clang 0.1.8 51.91 NOTE
r-devel-linux-x86_64-fedora-gcc 0.1.8 42.56 NOTE
r-devel-windows-ix86+x86_64 0.1.8 6.00 37.00 43.00 NOTE
r-devel-windows-x86_64-gcc10-UCRT 0.1.8 NOTE
r-patched-linux-x86_64 0.1.8 3.91 29.66 33.57 OK
r-patched-solaris-x86 0.1.8 58.40 OK
r-release-linux-x86_64 0.1.8 3.96 29.35 33.31 OK
r-release-macos-x86_64 0.1.8 OK
r-release-windows-ix86+x86_64 0.1.8 8.00 38.00 46.00 OK
r-oldrel-macos-x86_64 0.1.8 OK
r-oldrel-windows-ix86+x86_64 0.1.8 5.00 47.00 52.00 OK

Check Details

Version: 0.1.8
Check: LazyData
Result: NOTE
     'LazyData' is specified without a 'data' directory
Flavors: r-devel-linux-x86_64-debian-clang, r-devel-linux-x86_64-debian-gcc, r-devel-linux-x86_64-fedora-clang, r-devel-linux-x86_64-fedora-gcc, r-devel-windows-ix86+x86_64, r-devel-windows-x86_64-gcc10-UCRT