CRAN Package Check Results for Package rxode2

Last updated on 2022-09-28 02:51:12 CEST.

Flavor Version Tinstall Tcheck Ttotal Status Flags
r-devel-linux-x86_64-debian-clang 2.0.7 533.19 379.47 912.66 WARN
r-devel-linux-x86_64-debian-gcc 2.0.7 490.26 258.07 748.33 NOTE
r-devel-linux-x86_64-fedora-clang 2.0.7 1063.13 WARN
r-devel-linux-x86_64-fedora-gcc 2.0.7 1302.53 NOTE
r-devel-windows-x86_64 2.0.7 909.00 578.00 1487.00 NOTE
r-patched-linux-x86_64 2.0.7 529.53 317.27 846.80 OK
r-release-linux-x86_64 2.0.7 526.09 316.09 842.18 OK
r-release-macos-arm64 2.0.7 282.00 NOTE
r-release-macos-x86_64 2.0.7 629.00 NOTE
r-release-windows-x86_64 2.0.7 464.00 561.00 1025.00 NOTE
r-oldrel-macos-arm64 2.0.7 294.00 NOTE
r-oldrel-macos-x86_64 2.0.7 624.00 NOTE
r-oldrel-windows-ix86+x86_64 2.0.7 1240.00 822.00 2062.00 NOTE

Additional issues

clang15 clang15

Check Details

Version: 2.0.7
Check: whether package can be installed
Result: WARN
    Found the following significant warnings:
     rxData.cpp:1264:15: warning: anonymous non-C-compatible type given name for linkage purposes by typedef declaration; add a tag name here [-Wnon-c-typedef-for-linkage]
     rxData.cpp:2406:15: warning: anonymous non-C-compatible type given name for linkage purposes by typedef declaration; add a tag name here [-Wnon-c-typedef-for-linkage]
Flavors: r-devel-linux-x86_64-debian-clang, r-devel-linux-x86_64-fedora-clang

Version: 2.0.7
Check: Rd files
Result: NOTE
    checkRd: (-1) add.dosing.Rd:147: Escaped LaTeX specials: \&
    checkRd: (-1) add.sampling.Rd:113: Escaped LaTeX specials: \&
    checkRd: (-1) et.Rd:243: Escaped LaTeX specials: \&
    checkRd: (-1) etRbind.Rd:146: Escaped LaTeX specials: \&
    checkRd: (-1) etRep.Rd:164: Escaped LaTeX specials: \&
    checkRd: (-1) etSeq.Rd:143: Escaped LaTeX specials: \&
Flavors: r-devel-linux-x86_64-debian-clang, r-devel-linux-x86_64-debian-gcc, r-devel-linux-x86_64-fedora-clang, r-devel-linux-x86_64-fedora-gcc, r-devel-windows-x86_64

Version: 2.0.7
Check: installed package size
Result: NOTE
     installed size is 9.3Mb
     sub-directories of 1Mb or more:
     R 1.0Mb
     libs 6.4Mb
Flavors: r-devel-linux-x86_64-fedora-clang, r-devel-windows-x86_64, r-release-macos-arm64, r-release-macos-x86_64, r-release-windows-x86_64, r-oldrel-macos-arm64, r-oldrel-macos-x86_64, r-oldrel-windows-ix86+x86_64