CRAN Package Check Results for Package rxode2parse

Last updated on 2024-02-20 09:00:44 CET.

Flavor Version Tinstall Tcheck Ttotal Status Flags
r-devel-linux-x86_64-debian-clang 2.0.18 OK
r-devel-linux-x86_64-debian-gcc 2.0.18 154.50 41.37 195.87 OK
r-devel-linux-x86_64-fedora-clang 2.0.18 368.40 OK
r-devel-linux-x86_64-fedora-gcc 2.0.18 366.18 OK
r-devel-windows-x86_64 2.0.18 138.00 101.00 239.00 OK
r-patched-linux-x86_64 2.0.18 193.07 52.48 245.55 OK
r-release-linux-x86_64 2.0.18 178.58 51.30 229.88 OK
r-release-macos-arm64 2.0.18 863.00 NOTE
r-release-macos-x86_64 2.0.18 240.00 NOTE
r-release-windows-x86_64 2.0.18 179.00 115.00 294.00 OK
r-oldrel-macos-arm64 2.0.18 831.00 NOTE
r-oldrel-windows-x86_64 2.0.18 174.00 103.00 277.00 OK

Check Details

Version: 2.0.18
Check: installed package size
Result: NOTE installed size is 32.5Mb sub-directories of 1Mb or more: libs 32.2Mb Flavors: r-release-macos-arm64, r-release-macos-x86_64, r-oldrel-macos-arm64