CRAN Package Check Results for Package rzentra

Last updated on 2022-06-30 01:49:19 CEST.

Flavor Version Tinstall Tcheck Ttotal Status Flags
r-devel-linux-x86_64-debian-clang 0.1.0 7.30 63.38 70.68 NOTE
r-devel-linux-x86_64-debian-gcc 0.1.0 4.85 46.25 51.10 NOTE
r-devel-linux-x86_64-fedora-clang 0.1.0 95.37 NOTE
r-devel-linux-x86_64-fedora-gcc 0.1.0 94.15 NOTE
r-devel-windows-x86_64 0.1.0 17.00 87.00 104.00 NOTE
r-patched-linux-x86_64 0.1.0 4.45 59.95 64.40 NOTE
r-release-linux-x86_64 0.1.0 5.60 59.76 65.36 NOTE
r-release-macos-arm64 0.1.0 35.00 NOTE
r-release-macos-x86_64 0.1.0 52.00 NOTE
r-release-windows-x86_64 0.1.0 13.00 88.00 101.00 NOTE
r-oldrel-macos-arm64 0.1.0 31.00 NOTE
r-oldrel-macos-x86_64 0.1.0 41.00 NOTE
r-oldrel-windows-ix86+x86_64 0.1.0 16.00 83.00 99.00 NOTE

Check Details

Version: 0.1.0
Check: LazyData
Result: NOTE
     'LazyData' is specified without a 'data' directory
Flavors: r-devel-linux-x86_64-debian-clang, r-devel-linux-x86_64-debian-gcc, r-devel-linux-x86_64-fedora-clang, r-devel-linux-x86_64-fedora-gcc, r-devel-windows-x86_64, r-patched-linux-x86_64, r-release-linux-x86_64, r-release-macos-arm64, r-release-macos-x86_64, r-release-windows-x86_64, r-oldrel-macos-arm64, r-oldrel-macos-x86_64, r-oldrel-windows-ix86+x86_64