CRAN Package Check Results for Package s2

Last updated on 2022-08-15 02:53:53 CEST.

Flavor Version Tinstall Tcheck Ttotal Status Flags
r-devel-linux-x86_64-debian-clang 1.1.0 630.21 69.33 699.54 OK
r-devel-linux-x86_64-debian-gcc 1.1.0 577.35 53.18 630.53 OK
r-devel-linux-x86_64-fedora-clang 1.1.0 1088.72 NOTE
r-devel-linux-x86_64-fedora-gcc 1.1.0 1005.96 OK
r-devel-windows-x86_64 1.1.0 748.00 168.00 916.00 NOTE
r-patched-linux-x86_64 1.1.0 568.32 68.43 636.75 OK
r-release-linux-x86_64 1.1.0 569.00 68.26 637.26 OK
r-release-macos-arm64 1.1.0 214.00 NOTE
r-release-macos-x86_64 1.1.0 283.00 NOTE
r-release-windows-x86_64 1.1.0 646.00 170.00 816.00 NOTE
r-oldrel-macos-arm64 1.1.0 192.00 NOTE
r-oldrel-macos-x86_64 1.1.0 275.00 NOTE
r-oldrel-windows-ix86+x86_64 1.1.0 1559.00 190.00 1749.00 NOTE

Check Details

Version: 1.1.0
Check: installed package size
Result: NOTE
     installed size is 28.8Mb
     sub-directories of 1Mb or more:
     libs 27.7Mb
Flavors: r-devel-linux-x86_64-fedora-clang, r-devel-windows-x86_64, r-release-macos-arm64, r-release-macos-x86_64, r-release-windows-x86_64, r-oldrel-macos-arm64, r-oldrel-macos-x86_64, r-oldrel-windows-ix86+x86_64

Version: 1.1.0
Check: Rd cross-references
Result: NOTE
    Undeclared package ‘sf’ in Rd xrefs
Flavor: r-devel-linux-x86_64-fedora-clang