CRAN Package Check Results for Package sBIC

Last updated on 2020-10-25 01:47:47 CEST.

Flavor Version Tinstall Tcheck Ttotal Status Flags
r-devel-linux-x86_64-debian-clang 0.2.0 22.32 167.46 189.78 OK
r-devel-linux-x86_64-debian-gcc 0.2.0 14.27 119.24 133.51 OK
r-devel-linux-x86_64-fedora-clang 0.2.0 246.91 NOTE
r-devel-linux-x86_64-fedora-gcc 0.2.0 236.77 NOTE
r-devel-windows-ix86+x86_64 0.2.0 49.00 242.00 291.00 OK
r-patched-linux-x86_64 0.2.0 19.85 160.42 180.27 OK
r-patched-solaris-x86 0.2.0 288.70 OK
r-release-linux-x86_64 0.2.0 23.21 159.81 183.02 OK
r-release-macos-x86_64 0.2.0 OK
r-release-windows-ix86+x86_64 0.2.0 36.00 187.00 223.00 OK
r-oldrel-macos-x86_64 0.2.0 OK
r-oldrel-windows-ix86+x86_64 0.2.0 44.00 172.00 216.00 OK

Check Details

Version: 0.2.0
Check: compiled code
Result: NOTE
    File ‘sBIC/libs/sBIC.so’:
     Found no calls to: ‘R_registerRoutines’, ‘R_useDynamicSymbols’
    
    It is good practice to register native routines and to disable symbol
    search.
    
    See ‘Writing portable packages’ in the ‘Writing R Extensions’ manual.
Flavors: r-devel-linux-x86_64-fedora-clang, r-devel-linux-x86_64-fedora-gcc