CRAN Package Check Results for Package sGMRFmix

Last updated on 2022-07-26 01:58:23 CEST.

Flavor Version Tinstall Tcheck Ttotal Status Flags
r-devel-linux-x86_64-debian-clang 0.3.0 7.47 662.68 670.15 NOTE
r-devel-linux-x86_64-debian-gcc 0.3.0 5.57 402.57 408.14 NOTE
r-devel-linux-x86_64-fedora-clang 0.3.0 721.46 NOTE
r-devel-linux-x86_64-fedora-gcc 0.3.0 729.92 NOTE
r-devel-windows-x86_64 0.3.0 17.00 533.00 550.00 NOTE
r-patched-linux-x86_64 0.3.0 5.32 609.55 614.87 NOTE
r-release-linux-x86_64 0.3.0 4.13 591.90 596.03 NOTE
r-release-macos-arm64 0.3.0 147.00 NOTE
r-release-macos-x86_64 0.3.0 258.00 NOTE
r-release-windows-x86_64 0.3.0 19.00 530.00 549.00 NOTE
r-oldrel-macos-arm64 0.3.0 224.00 NOTE
r-oldrel-macos-x86_64 0.3.0 289.00 NOTE
r-oldrel-windows-ix86+x86_64 0.3.0 17.00 683.00 700.00 NOTE

Check Details

Version: 0.3.0
Check: LazyData
Result: NOTE
     'LazyData' is specified without a 'data' directory
Flavors: r-devel-linux-x86_64-debian-clang, r-devel-linux-x86_64-debian-gcc, r-devel-linux-x86_64-fedora-clang, r-devel-linux-x86_64-fedora-gcc, r-devel-windows-x86_64, r-patched-linux-x86_64, r-release-linux-x86_64, r-release-macos-arm64, r-release-macos-x86_64, r-release-windows-x86_64, r-oldrel-macos-arm64, r-oldrel-macos-x86_64, r-oldrel-windows-ix86+x86_64