CRAN Package Check Results for Package sRDA

Last updated on 2023-12-07 07:50:47 CET.

Flavor Version Tinstall Tcheck Ttotal Status Flags
r-devel-linux-x86_64-debian-clang 1.0.0 7.89 67.81 75.70 NOTE
r-devel-linux-x86_64-debian-gcc 1.0.0 5.37 52.51 57.88 NOTE
r-devel-linux-x86_64-fedora-clang 1.0.0 95.13 NOTE
r-devel-linux-x86_64-fedora-gcc 1.0.0 91.00 NOTE
r-devel-windows-x86_64 1.0.0 8.00 74.00 82.00 NOTE
r-patched-linux-x86_64 1.0.0 7.17 67.92 75.09 NOTE
r-release-linux-x86_64 1.0.0 8.36 67.88 76.24 NOTE
r-release-macos-arm64 1.0.0 34.00 NOTE
r-release-macos-x86_64 1.0.0 53.00 NOTE
r-release-windows-x86_64 1.0.0 9.00 81.00 90.00 NOTE
r-oldrel-macos-arm64 1.0.0 31.00 NOTE
r-oldrel-macos-x86_64 1.0.0 42.00 NOTE
r-oldrel-windows-x86_64 1.0.0 9.00 86.00 95.00 NOTE

Check Details

Version: 1.0.0
Check: LazyData
Result: NOTE 'LazyData' is specified without a 'data' directory Flavors: r-devel-linux-x86_64-debian-clang, r-devel-linux-x86_64-debian-gcc, r-devel-linux-x86_64-fedora-clang, r-devel-linux-x86_64-fedora-gcc, r-devel-windows-x86_64, r-patched-linux-x86_64, r-release-linux-x86_64, r-release-macos-arm64, r-release-macos-x86_64, r-release-windows-x86_64, r-oldrel-macos-arm64, r-oldrel-macos-x86_64, r-oldrel-windows-x86_64