CRAN Package Check Results for Package sampleSelection

Last updated on 2021-06-22 01:49:31 CEST.

Flavor Version Tinstall Tcheck Ttotal Status Flags
r-devel-linux-x86_64-debian-clang 1.2-12 16.50 414.31 430.81 OK
r-devel-linux-x86_64-debian-gcc 1.2-12 14.03 302.57 316.60 OK
r-devel-linux-x86_64-fedora-clang 1.2-12 495.64 OK
r-devel-linux-x86_64-fedora-gcc 1.2-12 492.43 OK
r-devel-windows-x86_64 1.2-12 25.00 473.00 498.00 OK
r-devel-windows-x86_64-gcc10-UCRT 1.2-12 ERROR
r-patched-linux-x86_64 1.2-12 18.53 387.72 406.25 OK
r-patched-solaris-x86 1.2-12 621.60 OK
r-release-linux-x86_64 1.2-12 15.61 384.84 400.45 OK
r-release-macos-arm64 1.2-12 OK
r-release-macos-x86_64 1.2-12 OK
r-release-windows-ix86+x86_64 1.2-12 34.00 352.00 386.00 OK
r-oldrel-macos-x86_64 1.2-12 OK

Check Details

Version: 1.2-12
Check: package dependencies
Result: ERROR
    Package required but not available: 'systemfit'
    
    See section 'The DESCRIPTION file' in the 'Writing R Extensions'
    manual.
Flavor: r-devel-windows-x86_64-gcc10-UCRT