CRAN Package Check Results for Package sand

Last updated on 2020-02-28 00:48:08 CET.

Flavor Version Tinstall Tcheck Ttotal Status Flags
r-devel-linux-x86_64-debian-clang 1.0.3 2.67 25.52 28.19 NOTE
r-devel-linux-x86_64-debian-gcc 1.0.3 2.29 20.63 22.92 NOTE
r-devel-linux-x86_64-fedora-clang 1.0.3 38.09 NOTE
r-devel-linux-x86_64-fedora-gcc 1.0.3 33.99 NOTE
r-devel-windows-ix86+x86_64 1.0.3 6.00 37.00 43.00 OK
r-devel-windows-ix86+x86_64-gcc8 1.0.3 6.00 38.00 44.00 NOTE
r-patched-linux-x86_64 1.0.3 2.12 23.92 26.04 NOTE
r-patched-solaris-x86 1.0.3 65.30 NOTE
r-release-linux-x86_64 1.0.3 2.22 23.79 26.01 NOTE
r-release-windows-ix86+x86_64 1.0.3 5.00 37.00 42.00 OK
r-release-osx-x86_64 1.0.3 NOTE
r-oldrel-windows-ix86+x86_64 1.0.3 3.00 40.00 43.00 OK
r-oldrel-osx-x86_64 1.0.3 NOTE

Check Details

Version: 1.0.3
Check: package dependencies
Result: NOTE
    Package suggested but not available for checking: 'mixer'
Flavors: r-devel-linux-x86_64-debian-clang, r-devel-linux-x86_64-debian-gcc, r-devel-linux-x86_64-fedora-clang, r-devel-linux-x86_64-fedora-gcc, r-devel-windows-ix86+x86_64-gcc8, r-patched-linux-x86_64, r-patched-solaris-x86, r-release-linux-x86_64

Version: 1.0.3
Check: data for non-ASCII characters
Result: NOTE
     Note: found 6 marked UTF-8 strings
Flavors: r-devel-linux-x86_64-fedora-clang, r-devel-linux-x86_64-fedora-gcc, r-patched-solaris-x86, r-release-osx-x86_64, r-oldrel-osx-x86_64

Version: 1.0.3
Check: package dependencies
Result: NOTE
    Packages suggested but not available for checking:
     'GO.db', 'GOstats', 'mixer', 'org.Sc.sgd.db'
Flavor: r-release-osx-x86_64

Version: 1.0.3
Check: package dependencies
Result: NOTE
    Packages suggested but not available for checking:
     ‘mixer’ ‘networkTomography’ ‘org.Sc.sgd.db’
Flavor: r-oldrel-osx-x86_64