CRAN Package Check Results for Package sandwich

Last updated on 2020-02-17 00:49:26 CET.

Flavor Version Tinstall Tcheck Ttotal Status Flags
r-devel-linux-x86_64-debian-clang 2.5-1 5.14 236.58 241.72 OK
r-devel-linux-x86_64-debian-gcc 2.5-1 4.15 177.17 181.32 WARN
r-devel-linux-x86_64-fedora-clang 2.5-1 317.30 NOTE
r-devel-linux-x86_64-fedora-gcc 2.5-1 300.33 OK
r-devel-windows-ix86+x86_64 2.5-1 11.00 230.00 241.00 OK
r-devel-windows-ix86+x86_64-gcc8 2.5-1 15.00 244.00 259.00 OK
r-patched-linux-x86_64 2.5-1 4.76 235.26 240.02 OK
r-patched-solaris-x86 2.5-1 664.80 OK
r-release-linux-x86_64 2.5-1 4.76 234.29 239.05 OK
r-release-windows-ix86+x86_64 2.5-1 8.00 224.00 232.00 OK
r-release-osx-x86_64 2.5-1 OK
r-oldrel-windows-ix86+x86_64 2.5-1 7.00 249.00 256.00 OK
r-oldrel-osx-x86_64 2.5-1 OK

Check Details

Version: 2.5-1
Check: package dependencies
Result: NOTE
    Packages suggested but not available for checking: 'AER', 'car'
Flavor: r-devel-linux-x86_64-debian-gcc

Version: 2.5-1
Check: running R code from vignettes
Result: WARN
    Errors in running code in vignettes:
    when running code in ‘sandwich-OOP.Rnw’
     ...
    
    > library("AER")
    
     When sourcing ‘sandwich-OOP.R’:
    Error: there is no package called ‘AER’
    Execution halted
    
     ‘sandwich-CL.Rnw’... [8s/11s] OK
     ‘sandwich-OOP.Rnw’... failed
     ‘sandwich.Rnw’... [1s/2s] OK
Flavor: r-devel-linux-x86_64-debian-gcc

Version: 2.5-1
Check: re-building of vignette outputs
Result: WARN
    Error(s) in re-building vignettes:
     ...
    --- re-building ‘sandwich-CL.Rnw’ using Sweave
    Loading required package: zoo
    
    Attaching package: ‘zoo’
    
    The following objects are masked from ‘package:base’:
    
     as.Date, as.Date.numeric
    
    
    Attaching package: ‘pcse’
    
    The following object is masked from ‘package:sandwich’:
    
     vcovPC
    
    Classes and Methods for R developed in the
    Political Science Computational Laboratory
    Department of Political Science
    Stanford University
    Simon Jackman
    hurdle and zeroinfl functions by Achim Zeileis
    --- finished re-building ‘sandwich-CL.Rnw’
    
    --- re-building ‘sandwich-OOP.Rnw’ using Sweave
    
    Error: processing vignette 'sandwich-OOP.Rnw' failed with diagnostics:
     chunk 1 (label = preliminaries)
    Error in library("AER") : there is no package called ‘AER’
    
    --- failed re-building ‘sandwich-OOP.Rnw’
    
    --- re-building ‘sandwich.Rnw’ using Sweave
    
    Attaching package: ‘zoo’
    
    The following objects are masked from ‘package:base’:
    
     as.Date, as.Date.numeric
    
    --- finished re-building ‘sandwich.Rnw’
    
    SUMMARY: processing the following file failed:
     ‘sandwich-OOP.Rnw’
    
    Error: Vignette re-building failed.
    Execution halted
Flavor: r-devel-linux-x86_64-debian-gcc

Version: 2.5-1
Check: package dependencies
Result: NOTE
    Suggests orphaned package: ‘plm’
Flavor: r-devel-linux-x86_64-fedora-clang