CRAN Package Check Results for Package sankey

Last updated on 2021-04-19 02:47:01 CEST.

Flavor Version Tinstall Tcheck Ttotal Status Flags
r-devel-linux-x86_64-debian-clang 1.0.2 2.61 42.86 45.47 NOTE
r-devel-linux-x86_64-debian-gcc 1.0.2 2.07 30.75 32.82 NOTE
r-devel-linux-x86_64-fedora-clang 1.0.2 61.89 NOTE
r-devel-linux-x86_64-fedora-gcc 1.0.2 52.30 NOTE
r-devel-windows-ix86+x86_64 1.0.2 6.00 42.00 48.00 NOTE
r-devel-windows-x86_64-gcc10-UCRT 1.0.2 NOTE
r-patched-linux-x86_64 1.0.2 2.89 39.50 42.39 OK
r-patched-solaris-x86 1.0.2 67.90 OK
r-release-linux-x86_64 1.0.2 2.79 39.58 42.37 OK
r-release-macos-x86_64 1.0.2 OK
r-release-windows-ix86+x86_64 1.0.2 6.00 68.00 74.00 OK
r-oldrel-macos-x86_64 1.0.2 OK
r-oldrel-windows-ix86+x86_64 1.0.2 4.00 56.00 60.00 OK

Check Details

Version: 1.0.2
Check: LazyData
Result: NOTE
     'LazyData' is specified without a 'data' directory
Flavors: r-devel-linux-x86_64-debian-clang, r-devel-linux-x86_64-debian-gcc, r-devel-linux-x86_64-fedora-clang, r-devel-linux-x86_64-fedora-gcc, r-devel-windows-ix86+x86_64, r-devel-windows-x86_64-gcc10-UCRT