Last updated on 2023-12-03 08:50:21 CET.
Flavor | Version | Tinstall | Tcheck | Ttotal | Status | Flags |
---|---|---|---|---|---|---|
r-devel-linux-x86_64-debian-clang | 1.0.2 | 2.38 | 43.40 | 45.78 | NOTE | |
r-devel-linux-x86_64-debian-gcc | 1.0.2 | 2.31 | 32.11 | 34.42 | NOTE | |
r-devel-linux-x86_64-fedora-clang | 1.0.2 | 58.41 | NOTE | |||
r-devel-linux-x86_64-fedora-gcc | 1.0.2 | 54.58 | NOTE | |||
r-devel-windows-x86_64 | 1.0.2 | 3.00 | 50.00 | 53.00 | NOTE | |
r-patched-linux-x86_64 | 1.0.2 | 2.87 | 42.09 | 44.96 | NOTE | |
r-release-linux-x86_64 | 1.0.2 | 2.75 | 42.15 | 44.90 | NOTE | |
r-release-macos-arm64 | 1.0.2 | 24.00 | NOTE | |||
r-release-macos-x86_64 | 1.0.2 | 30.00 | NOTE | |||
r-release-windows-x86_64 | 1.0.2 | 4.00 | 55.00 | 59.00 | NOTE | |
r-oldrel-macos-arm64 | 1.0.2 | 21.00 | NOTE | |||
r-oldrel-macos-x86_64 | 1.0.2 | 27.00 | NOTE | |||
r-oldrel-windows-x86_64 | 1.0.2 | 4.00 | 60.00 | 64.00 | NOTE |
Version: 1.0.2
Check: LazyData
Result: NOTE
'LazyData' is specified without a 'data' directory
Flavors: r-devel-linux-x86_64-debian-clang, r-devel-linux-x86_64-debian-gcc, r-devel-linux-x86_64-fedora-clang, r-devel-linux-x86_64-fedora-gcc, r-devel-windows-x86_64, r-patched-linux-x86_64, r-release-linux-x86_64, r-release-macos-arm64, r-release-macos-x86_64, r-release-windows-x86_64, r-oldrel-macos-arm64, r-oldrel-macos-x86_64, r-oldrel-windows-x86_64