CRAN Package Check Results for Package santaR

Last updated on 2020-07-03 01:49:13 CEST.

Flavor Version Tinstall Tcheck Ttotal Status Flags
r-devel-linux-x86_64-debian-clang 1.0 6.12 181.28 187.40 OK
r-devel-linux-x86_64-debian-gcc 1.0 5.37 134.86 140.23 OK
r-devel-linux-x86_64-fedora-clang 1.0 222.65 NOTE
r-devel-linux-x86_64-fedora-gcc 1.0 216.53 NOTE
r-devel-windows-ix86+x86_64 1.0 25.00 168.00 193.00 OK
r-patched-linux-x86_64 1.0 6.21 176.67 182.88 OK
r-patched-solaris-x86 1.0 249.70 NOTE
r-release-linux-x86_64 1.0 6.26 173.99 180.25 OK
r-release-osx-x86_64 1.0 NOTE
r-release-windows-ix86+x86_64 1.0 14.00 160.00 174.00 OK
r-oldrel-osx-x86_64 1.0 NOTE
r-oldrel-windows-ix86+x86_64 1.0 28.00 223.00 251.00 OK

Check Details

Version: 1.0
Check: dependencies in R code
Result: NOTE
    Namespace in Imports field not imported from: ‘gridExtra’
     All declared Imports should be used.
Flavors: r-devel-linux-x86_64-fedora-clang, r-devel-linux-x86_64-fedora-gcc, r-patched-solaris-x86, r-release-osx-x86_64, r-oldrel-osx-x86_64