CRAN Package Check Results for Package sapfluxnetr

Last updated on 2020-05-29 01:50:21 CEST.

Flavor Version Tinstall Tcheck Ttotal Status Flags
r-devel-linux-x86_64-debian-clang 0.1.0 12.47 423.44 435.91 OK
r-devel-linux-x86_64-debian-gcc 0.1.0 9.50 307.75 317.25 OK
r-devel-linux-x86_64-fedora-clang 0.1.0 497.95 NOTE
r-devel-linux-x86_64-fedora-gcc 0.1.0 498.40 NOTE
r-devel-windows-ix86+x86_64 0.1.0 31.00 441.00 472.00 OK
r-patched-linux-x86_64 0.1.0 14.07 408.36 422.43 OK
r-patched-solaris-x86 0.1.0 570.00 NOTE
r-release-linux-x86_64 0.1.0 12.64 410.88 423.52 OK
r-release-osx-x86_64 0.1.0 NOTE
r-release-windows-ix86+x86_64 0.1.0 23.00 574.00 597.00 OK
r-oldrel-osx-x86_64 0.1.0 NOTE
r-oldrel-windows-ix86+x86_64 0.1.0 19.00 395.00 414.00 OK

Check Details

Version: 0.1.0
Check: data for non-ASCII characters
Result: NOTE
     Note: found 4 marked UTF-8 strings
Flavors: r-devel-linux-x86_64-fedora-clang, r-devel-linux-x86_64-fedora-gcc, r-patched-solaris-x86, r-release-osx-x86_64, r-oldrel-osx-x86_64