CRAN Package Check Results for Package sapfluxnetr

Last updated on 2019-10-16 02:46:52 CEST.

Flavor Version Tinstall Tcheck Ttotal Status Flags
r-devel-linux-x86_64-debian-clang 0.0.7 9.96 386.37 396.33 OK
r-devel-linux-x86_64-debian-gcc 0.0.7 8.03 288.03 296.06 OK
r-devel-linux-x86_64-fedora-clang 0.0.7 497.29 NOTE
r-devel-linux-x86_64-fedora-gcc 0.0.7 484.36 NOTE
r-devel-windows-ix86+x86_64 0.0.7 19.00 508.00 527.00 OK
r-patched-linux-x86_64 0.0.7 9.63 373.18 382.81 OK
r-patched-solaris-x86 0.0.7 542.80 NOTE
r-release-linux-x86_64 0.0.7 10.31 379.25 389.56 OK
r-release-windows-ix86+x86_64 0.0.7 17.00 504.00 521.00 OK
r-release-osx-x86_64 0.0.7 NOTE
r-oldrel-windows-ix86+x86_64 0.0.7 15.00 338.00 353.00 OK
r-oldrel-osx-x86_64 0.0.7 NOTE

Check Details

Version: 0.0.7
Check: data for non-ASCII characters
Result: NOTE
     Note: found 4 marked UTF-8 strings
Flavors: r-devel-linux-x86_64-fedora-clang, r-devel-linux-x86_64-fedora-gcc, r-patched-solaris-x86, r-release-osx-x86_64, r-oldrel-osx-x86_64