CRAN Package Check Results for Package saqgetr

Last updated on 2020-03-29 00:47:33 CET.

Flavor Version Tinstall Tcheck Ttotal Status Flags
r-devel-linux-x86_64-debian-clang 0.1.19 OK
r-devel-linux-x86_64-debian-gcc 0.1.19 3.35 28.95 32.30 OK
r-devel-linux-x86_64-fedora-clang 0.1.19 51.65 NOTE
r-devel-linux-x86_64-fedora-gcc 0.1.19 47.85 NOTE
r-devel-windows-ix86+x86_64 0.1.19 13.00 122.00 135.00 OK
r-devel-windows-ix86+x86_64-gcc8 0.1.19 12.00 99.00 111.00 OK
r-patched-linux-x86_64 0.1.19 4.02 36.17 40.19 OK
r-patched-solaris-x86 0.1.19 75.40 NOTE
r-release-linux-x86_64 0.1.19 3.40 33.23 36.63 OK
r-release-windows-ix86+x86_64 0.1.19 16.00 66.00 82.00 OK
r-release-osx-x86_64 0.1.19 NOTE
r-oldrel-windows-ix86+x86_64 0.1.19 14.00 66.00 80.00 OK
r-oldrel-osx-x86_64 0.1.19 NOTE

Check Details

Version: 0.1.19
Check: dependencies in R code
Result: NOTE
    Namespace in Imports field not imported from: ‘curl’
     All declared Imports should be used.
Flavors: r-devel-linux-x86_64-fedora-clang, r-devel-linux-x86_64-fedora-gcc, r-patched-solaris-x86, r-release-osx-x86_64, r-oldrel-osx-x86_64