Last updated on 2023-02-08 02:03:26 CET.
Flavor | Version | Tinstall | Tcheck | Ttotal | Status | Flags |
---|---|---|---|---|---|---|
r-devel-linux-x86_64-debian-clang | 0.9.1 | 72.90 | 309.91 | 382.81 | NOTE | |
r-devel-linux-x86_64-debian-gcc | 0.9.1 | 58.44 | 226.64 | 285.08 | NOTE | |
r-devel-linux-x86_64-fedora-clang | 0.9.1 | 508.37 | NOTE | |||
r-devel-linux-x86_64-fedora-gcc | 0.9.1 | 507.87 | NOTE | |||
r-devel-windows-x86_64 | 0.9.1 | 120.00 | 380.00 | 500.00 | NOTE | |
r-patched-linux-x86_64 | 0.9.1 | 69.30 | 313.38 | 382.68 | NOTE | |
r-release-linux-x86_64 | 0.9.1 | 71.86 | 311.06 | 382.92 | NOTE | |
r-release-macos-arm64 | 0.9.1 | 117.00 | OK | |||
r-release-macos-x86_64 | 0.9.1 | 161.00 | NOTE | |||
r-release-windows-x86_64 | 0.9.1 | 124.00 | 391.00 | 515.00 | OK | |
r-oldrel-macos-arm64 | 0.9.1 | 105.00 | OK | |||
r-oldrel-macos-x86_64 | 0.9.1 | 159.00 | OK | |||
r-oldrel-windows-ix86+x86_64 | 0.9.1 | 183.00 | 623.00 | 806.00 | OK |
Version: 0.9.1
Check: package dependencies
Result: NOTE
Package suggested but not available for checking: ‘FitARMA’
Flavors: r-devel-linux-x86_64-debian-clang, r-devel-linux-x86_64-debian-gcc, r-devel-linux-x86_64-fedora-clang, r-devel-linux-x86_64-fedora-gcc, r-patched-linux-x86_64, r-release-linux-x86_64, r-release-macos-x86_64
Version: 0.9.1
Check: C++ specification
Result: NOTE
Specified C++11: please update to current default of C++17
Flavors: r-devel-linux-x86_64-debian-clang, r-devel-linux-x86_64-debian-gcc, r-devel-windows-x86_64
Version: 0.9.1
Check: C++ specification
Result: NOTE
Specified C++11: please drop specification unless essential
Flavors: r-devel-linux-x86_64-fedora-clang, r-devel-linux-x86_64-fedora-gcc