CRAN Package Check Results for Package sasMap

Last updated on 2020-04-04 01:52:32 CEST.

Flavor Version Tinstall Tcheck Ttotal Status Flags
r-devel-linux-x86_64-debian-clang 1.0.0 4.26 36.13 40.39 OK
r-devel-linux-x86_64-debian-gcc 1.0.0 3.56 28.48 32.04 OK
r-devel-linux-x86_64-fedora-clang 1.0.0 44.59 NOTE
r-devel-linux-x86_64-fedora-gcc 1.0.0 43.55 NOTE
r-devel-windows-ix86+x86_64 1.0.0 12.00 43.00 55.00 OK
r-devel-windows-ix86+x86_64-gcc8 1.0.0 10.00 44.00 54.00 OK
r-patched-linux-x86_64 1.0.0 3.47 34.94 38.41 OK
r-patched-solaris-x86 1.0.0 72.90 NOTE
r-release-linux-x86_64 1.0.0 3.65 33.55 37.20 OK
r-release-windows-ix86+x86_64 1.0.0 8.00 55.00 63.00 OK
r-release-osx-x86_64 1.0.0 NOTE
r-oldrel-windows-ix86+x86_64 1.0.0 5.00 43.00 48.00 OK
r-oldrel-osx-x86_64 1.0.0 NOTE

Check Details

Version: 1.0.0
Check: dependencies in R code
Result: NOTE
    Namespace in Imports field not imported from: ‘stringi’
     All declared Imports should be used.
Flavors: r-devel-linux-x86_64-fedora-clang, r-devel-linux-x86_64-fedora-gcc, r-patched-solaris-x86, r-release-osx-x86_64, r-oldrel-osx-x86_64