CRAN Package Check Results for Package satellite

Last updated on 2020-05-28 01:53:28 CEST.

Flavor Version Tinstall Tcheck Ttotal Status Flags
r-devel-linux-x86_64-debian-clang 1.0.2 33.73 199.87 233.60 OK
r-devel-linux-x86_64-debian-gcc 1.0.2 25.71 156.08 181.79 OK
r-devel-linux-x86_64-fedora-clang 1.0.2 275.70 OK
r-devel-linux-x86_64-fedora-gcc 1.0.2 270.71 OK
r-devel-windows-ix86+x86_64 1.0.2 82.00 346.00 428.00 NOTE
r-patched-linux-x86_64 1.0.2 29.04 196.91 225.95 OK
r-patched-solaris-x86 1.0.2 369.90 OK
r-release-linux-x86_64 1.0.2 25.94 195.60 221.54 OK
r-release-osx-x86_64 1.0.2 OK
r-release-windows-ix86+x86_64 1.0.2 64.00 411.00 475.00 NOTE
r-oldrel-osx-x86_64 1.0.2 OK
r-oldrel-windows-ix86+x86_64 1.0.2 60.00 277.00 337.00 OK

Check Details

Version: 1.0.2
Check: installed package size
Result: NOTE
     installed size is 5.5Mb
     sub-directories of 1Mb or more:
     R 1.5Mb
     extdata 1.3Mb
     libs 2.0Mb
Flavors: r-devel-windows-ix86+x86_64, r-release-windows-ix86+x86_64