Last updated on 2025-01-19 08:49:17 CET.
Flavor | Version | Tinstall | Tcheck | Ttotal | Status | Flags |
---|---|---|---|---|---|---|
r-devel-linux-x86_64-debian-clang | 1.0.5 | 45.21 | 343.48 | 388.69 | NOTE | |
r-devel-linux-x86_64-debian-gcc | 1.0.5 | 28.53 | 219.98 | 248.51 | NOTE | |
r-devel-linux-x86_64-fedora-clang | 1.0.5 | 640.23 | OK | |||
r-devel-linux-x86_64-fedora-gcc | 1.0.5 | 668.26 | OK | |||
r-devel-windows-x86_64 | 1.0.5 | 45.00 | 301.00 | 346.00 | NOTE | |
r-patched-linux-x86_64 | 1.0.5 | 42.78 | 320.24 | 363.02 | OK | |
r-release-linux-x86_64 | 1.0.5 | 40.91 | 321.82 | 362.73 | OK | |
r-release-macos-arm64 | 1.0.5 | 159.00 | OK | |||
r-release-macos-x86_64 | 1.0.5 | 289.00 | OK | |||
r-release-windows-x86_64 | 1.0.5 | 44.00 | 290.00 | 334.00 | OK | |
r-oldrel-macos-arm64 | 1.0.5 | 167.00 | OK | |||
r-oldrel-macos-x86_64 | 1.0.5 | 542.00 | OK | |||
r-oldrel-windows-x86_64 | 1.0.5 | 55.00 | 404.00 | 459.00 | OK |
Version: 1.0.5
Check: Rd cross-references
Result: NOTE
Found the following Rd file(s) with Rd \link{} targets missing package
anchors:
alignGeometry.Rd: resample, projectRaster
calcTopoCorr.Rd: hillShade, writeRaster
crop.Rd: extent
demTools.Rd: hillShade
satellite.Rd: raster
Please provide package anchors for all Rd \link{} targets not in the
package itself and the base packages.
Flavors: r-devel-linux-x86_64-debian-clang, r-devel-linux-x86_64-debian-gcc, r-devel-windows-x86_64