CRAN Package Check Results for Package saturnin

Last updated on 2020-08-09 01:48:40 CEST.

Flavor Version Tinstall Tcheck Ttotal Status Flags
r-devel-linux-x86_64-debian-clang 1.1.1 25.01 47.44 72.45 OK
r-devel-linux-x86_64-debian-gcc 1.1.1 20.90 34.36 55.26 OK
r-devel-linux-x86_64-fedora-clang 1.1.1 104.36 NOTE
r-devel-linux-x86_64-fedora-gcc 1.1.1 89.20 NOTE
r-devel-windows-ix86+x86_64 1.1.1 70.00 122.00 192.00 OK
r-patched-linux-x86_64 1.1.1 20.25 46.04 66.29 OK
r-patched-solaris-x86 1.1.1 98.40 OK
r-release-linux-x86_64 1.1.1 22.03 47.51 69.54 OK
r-release-macos-x86_64 1.1.1 OK
r-release-windows-ix86+x86_64 1.1.1 68.00 93.00 161.00 OK
r-oldrel-macos-x86_64 1.1.1 OK
r-oldrel-windows-ix86+x86_64 1.1.1 42.00 113.00 155.00 OK

Check Details

Version: 1.1.1
Check: compiled code
Result: NOTE
    File ‘saturnin/libs/saturnin.so’:
     Found no calls to: ‘R_registerRoutines’, ‘R_useDynamicSymbols’
    
    It is good practice to register native routines and to disable symbol
    search.
    
    See ‘Writing portable packages’ in the ‘Writing R Extensions’ manual.
Flavors: r-devel-linux-x86_64-fedora-clang, r-devel-linux-x86_64-fedora-gcc