Last updated on 2023-11-28 07:53:16 CET.
Flavor | Version | Tinstall | Tcheck | Ttotal | Status | Flags |
---|---|---|---|---|---|---|
r-devel-linux-x86_64-debian-clang | 0.1.1 | 9.12 | 74.72 | 83.84 | OK | |
r-devel-linux-x86_64-debian-gcc | 0.1.1 | 8.01 | 57.32 | 65.33 | OK | |
r-devel-linux-x86_64-fedora-clang | 0.1.1 | 109.73 | NOTE | |||
r-devel-linux-x86_64-fedora-gcc | 0.1.1 | 113.74 | NOTE | |||
r-devel-windows-x86_64 | 0.1.1 | 9.00 | 73.00 | 82.00 | OK | |
r-patched-linux-x86_64 | 0.1.1 | 8.00 | 75.25 | 83.25 | OK | |
r-release-linux-x86_64 | 0.1.1 | 9.28 | 72.48 | 81.76 | OK | |
r-release-macos-arm64 | 0.1.1 | 45.00 | OK | |||
r-release-macos-x86_64 | 0.1.1 | 70.00 | OK | |||
r-release-windows-x86_64 | 0.1.1 | 12.00 | 84.00 | 96.00 | OK | |
r-oldrel-macos-arm64 | 0.1.1 | 36.00 | NOTE | |||
r-oldrel-macos-x86_64 | 0.1.1 | 48.00 | NOTE | |||
r-oldrel-windows-x86_64 | 0.1.1 | 13.00 | 88.00 | 101.00 | OK |
Version: 0.1.1
Check: dependencies in R code
Result: NOTE
Namespace in Imports field not imported from: ‘markdown’
All declared Imports should be used.
Flavors: r-devel-linux-x86_64-fedora-clang, r-devel-linux-x86_64-fedora-gcc, r-oldrel-macos-arm64, r-oldrel-macos-x86_64