Last updated on 2021-01-28 00:47:34 CET.
Flavor | Version | Tinstall | Tcheck | Ttotal | Status | Flags |
---|---|---|---|---|---|---|
r-devel-linux-x86_64-debian-clang | 0.40 | 12.81 | 91.01 | 103.82 | OK | |
r-devel-linux-x86_64-debian-gcc | 0.40 | OK | ||||
r-devel-linux-x86_64-fedora-clang | 0.40 | 123.79 | NOTE | |||
r-devel-linux-x86_64-fedora-gcc | 0.40 | 115.95 | NOTE | |||
r-devel-windows-ix86+x86_64 | 0.40 | 21.00 | 97.00 | 118.00 | OK | |
r-patched-linux-x86_64 | 0.40 | 10.85 | 82.97 | 93.82 | OK | |
r-patched-solaris-x86 | 0.40 | 150.00 | NOTE | |||
r-release-linux-x86_64 | 0.40 | 10.75 | 83.90 | 94.65 | OK | |
r-release-macos-x86_64 | 0.40 | NOTE | ||||
r-release-windows-ix86+x86_64 | 0.40 | 23.00 | 98.00 | 121.00 | OK | |
r-oldrel-macos-x86_64 | 0.40 | NOTE | ||||
r-oldrel-windows-ix86+x86_64 | 0.40 | 24.00 | 110.00 | 134.00 | OK |
Version: 0.40
Check: dependencies in R code
Result: NOTE
Namespaces in Imports field not imported from:
‘MASS’ ‘methods’
All declared Imports should be used.
Flavors: r-devel-linux-x86_64-fedora-clang, r-devel-linux-x86_64-fedora-gcc, r-patched-solaris-x86, r-release-macos-x86_64, r-oldrel-macos-x86_64
Version: 0.40
Check: data for non-ASCII characters
Result: NOTE
Note: found 1 marked UTF-8 string
Flavors: r-devel-linux-x86_64-fedora-clang, r-devel-linux-x86_64-fedora-gcc, r-patched-solaris-x86, r-release-macos-x86_64, r-oldrel-macos-x86_64