CRAN Package Check Results for Package scan

Last updated on 2024-06-13 06:58:17 CEST.

Flavor Version Tinstall Tcheck Ttotal Status Flags
r-devel-linux-x86_64-debian-clang 0.60.0 11.47 123.25 134.72 OK
r-devel-linux-x86_64-debian-gcc 0.60.0 0.54 1.78 2.32 ERROR
r-devel-linux-x86_64-fedora-clang 0.60.0 166.31 NOTE
r-devel-linux-x86_64-fedora-gcc 0.60.0 157.15 NOTE
r-devel-windows-x86_64 0.60.0 15.00 106.00 121.00 OK
r-patched-linux-x86_64 0.60.0 25.33 116.11 141.44 OK
r-release-linux-x86_64 0.60.0 17.66 115.53 133.19 OK
r-release-macos-arm64 0.60.0 45.00 OK
r-release-macos-x86_64 0.60.0 65.00 OK
r-release-windows-x86_64 0.60.0 15.00 106.00 121.00 OK
r-oldrel-macos-arm64 0.60.0 47.00 OK
r-oldrel-macos-x86_64 0.60.0 103.00 OK
r-oldrel-windows-x86_64 0.60.0 18.00 131.00 149.00 OK

Check Details

Version: 0.60.0
Check: package dependencies
Result: ERROR Packages required but not available: 'car', 'kableExtra', 'readxl' Packages suggested but not available for checking: 'testthat', 'scplot' See section ‘The DESCRIPTION file’ in the ‘Writing R Extensions’ manual. Flavor: r-devel-linux-x86_64-debian-gcc

Version: 0.60.0
Check: data for non-ASCII characters
Result: NOTE Note: found 1 marked UTF-8 string Flavors: r-devel-linux-x86_64-fedora-clang, r-devel-linux-x86_64-fedora-gcc