CRAN Package Check Results for Package scanstatistics

Last updated on 2020-07-05 01:49:33 CEST.

Flavor Version Tinstall Tcheck Ttotal Status Flags
r-devel-linux-x86_64-debian-clang 1.0.1 146.89 121.10 267.99 NOTE
r-devel-linux-x86_64-debian-gcc 1.0.1 112.20 91.34 203.54 NOTE
r-devel-linux-x86_64-fedora-clang 1.0.1 357.35 NOTE
r-devel-linux-x86_64-fedora-gcc 1.0.1 335.15 NOTE
r-devel-windows-ix86+x86_64 1.0.1 390.00 176.00 566.00 OK
r-patched-linux-x86_64 1.0.1 115.95 117.31 233.26 NOTE
r-patched-solaris-x86 1.0.1 338.10 OK
r-release-linux-x86_64 1.0.1 116.02 117.60 233.62 NOTE
r-release-osx-x86_64 1.0.1 OK
r-release-windows-ix86+x86_64 1.0.1 281.00 176.00 457.00 OK
r-oldrel-osx-x86_64 1.0.1 OK
r-oldrel-windows-ix86+x86_64 1.0.1 268.00 228.00 496.00 OK

Check Details

Version: 1.0.1
Check: use of SHLIB_OPENMP_*FLAGS in Makefiles
Result: NOTE
     src/Makevars.win: SHLIB_OPENMP_CXXFLAGS is included in PKG_CXXFLAGS but not in PKG_LIBS
     src/Makevars.win: SHLIB_OPENMP_CFLAGS is included in PKG_LIBS but linking is by C++
    Use of these macros is discussed in sect 1.2.1.1 of 'Writing R
    Extensions'. The macros for different languages may differ so the
    matching macro must be used in PKG_CXXFLAGS (etc) and match that used
    in PKG_LIBS (except for Fortran: see the manual).
Flavors: r-devel-linux-x86_64-debian-clang, r-devel-linux-x86_64-debian-gcc, r-devel-linux-x86_64-fedora-clang, r-devel-linux-x86_64-fedora-gcc, r-patched-linux-x86_64, r-release-linux-x86_64

Version: 1.0.1
Check: installed package size
Result: NOTE
     installed size is 6.2Mb
     sub-directories of 1Mb or more:
     libs 5.6Mb
Flavor: r-devel-linux-x86_64-fedora-clang