Last updated on 2023-05-28 07:57:41 CEST.
Flavor | Version | Tinstall | Tcheck | Ttotal | Status | Flags |
---|---|---|---|---|---|---|
r-devel-linux-x86_64-debian-clang | 1.0.1 | 5.36 | 25.04 | 30.40 | NOTE | |
r-devel-linux-x86_64-debian-gcc | 1.0.1 | 4.74 | 19.60 | 24.34 | NOTE | |
r-devel-linux-x86_64-fedora-clang | 1.0.1 | 39.53 | NOTE | |||
r-devel-linux-x86_64-fedora-gcc | 1.0.1 | 37.83 | NOTE | |||
r-devel-windows-x86_64 | 1.0.1 | 8.00 | 42.00 | 50.00 | NOTE | |
r-patched-linux-x86_64 | 1.0.1 | 3.31 | 24.28 | 27.59 | NOTE | |
r-release-linux-x86_64 | 1.0.1 | 3.54 | 24.56 | 28.10 | NOTE | |
r-release-macos-arm64 | 1.0.1 | 17.00 | NOTE | |||
r-release-macos-x86_64 | 1.0.1 | 23.00 | NOTE | |||
r-release-windows-x86_64 | 1.0.1 | 7.00 | 42.00 | 49.00 | NOTE | |
r-oldrel-macos-arm64 | 1.0.1 | 17.00 | NOTE | |||
r-oldrel-macos-x86_64 | 1.0.1 | 26.00 | NOTE | |||
r-oldrel-windows-x86_64 | 1.0.1 | 7.00 | 47.00 | 54.00 | NOTE |
Version: 1.0.1
Check: LazyData
Result: NOTE
'LazyData' is specified without a 'data' directory
Flavors: r-devel-linux-x86_64-debian-clang, r-devel-linux-x86_64-debian-gcc, r-devel-linux-x86_64-fedora-clang, r-devel-linux-x86_64-fedora-gcc, r-devel-windows-x86_64, r-patched-linux-x86_64, r-release-linux-x86_64, r-release-macos-arm64, r-release-macos-x86_64, r-release-windows-x86_64, r-oldrel-macos-arm64, r-oldrel-macos-x86_64, r-oldrel-windows-x86_64
Version: 1.0.1
Check: dependencies in R code
Result: NOTE
Namespaces in Imports field not imported from:
‘R6’ ‘cowplot’ ‘ggplot2’ ‘ggridges’ ‘ggstance’ ‘jmvcore’
All declared Imports should be used.
Flavors: r-devel-linux-x86_64-fedora-clang, r-devel-linux-x86_64-fedora-gcc, r-oldrel-macos-arm64, r-oldrel-macos-x86_64