CRAN Package Check Results for Package scatr

Last updated on 2020-04-04 01:52:32 CEST.

Flavor Version Tinstall Tcheck Ttotal Status Flags
r-devel-linux-x86_64-debian-clang 1.0.1 4.87 21.62 26.49 OK
r-devel-linux-x86_64-debian-gcc 1.0.1 4.06 17.34 21.40 OK
r-devel-linux-x86_64-fedora-clang 1.0.1 35.47 NOTE
r-devel-linux-x86_64-fedora-gcc 1.0.1 33.04 NOTE
r-devel-windows-ix86+x86_64 1.0.1 13.00 34.00 47.00 OK
r-devel-windows-ix86+x86_64-gcc8 1.0.1 9.00 33.00 42.00 OK
r-patched-linux-x86_64 1.0.1 5.12 20.78 25.90 OK
r-patched-solaris-x86 1.0.1 48.20 NOTE
r-release-linux-x86_64 1.0.1 4.37 19.35 23.72 OK
r-release-windows-ix86+x86_64 1.0.1 7.00 34.00 41.00 OK
r-release-osx-x86_64 1.0.1 NOTE
r-oldrel-windows-ix86+x86_64 1.0.1 5.00 32.00 37.00 OK
r-oldrel-osx-x86_64 1.0.1 NOTE

Check Details

Version: 1.0.1
Check: dependencies in R code
Result: NOTE
    Namespaces in Imports field not imported from:
     ‘R6’ ‘cowplot’ ‘ggplot2’ ‘ggridges’ ‘ggstance’ ‘jmvcore’
     All declared Imports should be used.
Flavors: r-devel-linux-x86_64-fedora-clang, r-devel-linux-x86_64-fedora-gcc, r-patched-solaris-x86, r-release-osx-x86_64, r-oldrel-osx-x86_64