CRAN Package Check Results for Package scidb

Last updated on 2020-09-19 00:50:16 CEST.

Flavor Version Tinstall Tcheck Ttotal Status Flags
r-devel-linux-x86_64-debian-clang 3.0.0 8.03 43.55 51.58 OK
r-devel-linux-x86_64-debian-gcc 3.0.0 5.37 33.53 38.90 OK
r-devel-linux-x86_64-fedora-clang 3.0.0 70.99 NOTE
r-devel-linux-x86_64-fedora-gcc 3.0.0 61.59 NOTE
r-devel-windows-ix86+x86_64 3.0.0 24.00 64.00 88.00 OK
r-patched-linux-x86_64 3.0.0 6.73 42.59 49.32 OK
r-patched-solaris-x86 3.0.0 87.50 OK
r-release-linux-x86_64 3.0.0 7.35 42.28 49.63 OK
r-release-macos-x86_64 3.0.0 OK
r-release-windows-ix86+x86_64 3.0.0 24.00 88.00 112.00 OK
r-oldrel-macos-x86_64 3.0.0 OK
r-oldrel-windows-ix86+x86_64 3.0.0 14.00 70.00 84.00 OK

Check Details

Version: 3.0.0
Check: R code for possible problems
Result: NOTE
    Possibly missing '()' after 'return' in the following function:
     ‘df2scidb’
Flavors: r-devel-linux-x86_64-fedora-clang, r-devel-linux-x86_64-fedora-gcc