CRAN Package Check Results for Package scoringRules

Last updated on 2022-11-27 00:55:53 CET.

Flavor Version Tinstall Tcheck Ttotal Status Flags
r-devel-linux-x86_64-debian-clang 1.0.2 75.21 292.90 368.11 OK
r-devel-linux-x86_64-debian-gcc 1.0.2 57.09 219.47 276.56 OK
r-devel-linux-x86_64-fedora-clang 1.0.2 480.37 OK
r-devel-linux-x86_64-fedora-gcc 1.0.2 461.39 OK
r-devel-windows-x86_64 1.0.2 155.00 444.00 599.00 OK
r-patched-linux-x86_64 1.0.2 OK
r-release-linux-x86_64 1.0.2 55.19 287.46 342.65 OK
r-release-macos-arm64 1.0.2 149.00 NOTE
r-release-macos-x86_64 1.0.2 161.00 NOTE
r-release-windows-x86_64 1.0.2 143.00 443.00 586.00 OK
r-oldrel-macos-arm64 1.0.2 138.00 NOTE
r-oldrel-macos-x86_64 1.0.2 159.00 NOTE
r-oldrel-windows-ix86+x86_64 1.0.2 155.00 436.00 591.00 OK

Check Details

Version: 1.0.2
Check: installed package size
Result: NOTE
     installed size is 5.7Mb
     sub-directories of 1Mb or more:
     libs 3.9Mb
Flavors: r-release-macos-arm64, r-release-macos-x86_64, r-oldrel-macos-arm64, r-oldrel-macos-x86_64