CRAN Package Check Results for Package scrubr

Last updated on 2020-09-22 02:17:31 CEST.

Flavor Version Tinstall Tcheck Ttotal Status Flags
r-devel-linux-x86_64-debian-clang 0.3.2 8.68 82.69 91.37 OK
r-devel-linux-x86_64-debian-gcc 0.3.2 6.69 64.41 71.10 OK
r-devel-linux-x86_64-fedora-clang 0.3.2 122.80 NOTE
r-devel-linux-x86_64-fedora-gcc 0.3.2 109.47 NOTE
r-devel-windows-ix86+x86_64 0.3.2 20.00 90.00 110.00 OK
r-patched-linux-x86_64 0.3.2 8.64 78.89 87.53 OK
r-patched-solaris-x86 0.3.2 158.70 NOTE
r-release-linux-x86_64 0.3.2 7.90 78.81 86.71 OK
r-release-macos-x86_64 0.3.2 NOTE
r-release-windows-ix86+x86_64 0.3.2 20.00 115.00 135.00 OK
r-oldrel-macos-x86_64 0.3.2 NOTE
r-oldrel-windows-ix86+x86_64 0.3.2 14.00 92.00 106.00 OK

Check Details

Version: 0.3.2
Check: data for non-ASCII characters
Result: NOTE
     Note: found 57 marked UTF-8 strings
Flavors: r-devel-linux-x86_64-fedora-clang, r-devel-linux-x86_64-fedora-gcc, r-patched-solaris-x86, r-release-macos-x86_64, r-oldrel-macos-x86_64