CRAN Package Check Results for Package sctransform

Last updated on 2021-12-09 00:51:52 CET.

Flavor Version Tinstall Tcheck Ttotal Status Flags
r-devel-linux-x86_64-debian-clang 0.3.2 42.33 111.51 153.84 NOTE
r-devel-linux-x86_64-debian-gcc 0.3.2 34.56 90.55 125.11 NOTE
r-devel-linux-x86_64-fedora-clang 0.3.2 205.82 NOTE
r-devel-linux-x86_64-fedora-gcc 0.3.2 194.21 NOTE
r-devel-windows-x86_64-new-UL 0.3.2 64.00 173.00 237.00 OK
r-devel-windows-x86_64-new-TK 0.3.2 NOTE
r-devel-windows-x86_64-old 0.3.2 62.00 111.00 173.00 OK
r-patched-linux-x86_64 0.3.2 41.14 104.64 145.78 NOTE
r-release-linux-x86_64 0.3.2 40.69 105.41 146.10 NOTE
r-release-macos-arm64 0.3.2 NOTE
r-release-macos-x86_64 0.3.2 NOTE
r-release-windows-ix86+x86_64 0.3.2 79.00 182.00 261.00 OK
r-oldrel-macos-x86_64 0.3.2 NOTE
r-oldrel-windows-ix86+x86_64 0.3.2 109.00 182.00 291.00 OK

Check Details

Version: 0.3.2
Check: package dependencies
Result: NOTE
    Package which this enhances but not available for checking: 'glmGamPoi'
Flavors: r-devel-linux-x86_64-debian-clang, r-devel-linux-x86_64-debian-gcc, r-devel-linux-x86_64-fedora-clang, r-devel-linux-x86_64-fedora-gcc, r-devel-windows-x86_64-new-TK, r-patched-linux-x86_64, r-release-linux-x86_64, r-release-macos-arm64, r-release-macos-x86_64, r-oldrel-macos-x86_64