CRAN Package Check Results for Package sdcTable

Last updated on 2022-08-11 01:49:18 CEST.

Flavor Version Tinstall Tcheck Ttotal Status Flags
r-devel-linux-x86_64-debian-clang 0.32.3 92.22 198.86 291.08 OK
r-devel-linux-x86_64-debian-gcc 0.32.3 77.48 139.11 216.59 OK
r-devel-linux-x86_64-fedora-clang 0.32.3 368.48 NOTE
r-devel-linux-x86_64-fedora-gcc 0.32.3 369.29 OK
r-devel-windows-x86_64 0.32.3 280.00 240.00 520.00 OK
r-patched-linux-x86_64 0.32.3 86.71 171.89 258.60 OK
r-release-linux-x86_64 0.32.3 OK
r-release-macos-arm64 0.32.3 91.00 NOTE
r-release-macos-x86_64 0.32.3 125.00 NOTE
r-release-windows-x86_64 0.32.3 286.00 243.00 529.00 OK
r-oldrel-macos-arm64 0.32.3 105.00 NOTE
r-oldrel-macos-x86_64 0.32.3 123.00 NOTE
r-oldrel-windows-ix86+x86_64 0.32.3 194.00 264.00 458.00 NOTE

Check Details

Version: 0.32.3
Check: Rd cross-references
Result: NOTE
    Undeclared package ‘RegSDC’ in Rd xrefs
Flavor: r-devel-linux-x86_64-fedora-clang

Version: 0.32.3
Check: installed package size
Result: NOTE
     installed size is 7.7Mb
     sub-directories of 1Mb or more:
     R 2.0Mb
     libs 5.4Mb
Flavors: r-release-macos-arm64, r-release-macos-x86_64, r-oldrel-macos-arm64, r-oldrel-macos-x86_64, r-oldrel-windows-ix86+x86_64