CRAN Package Check Results for Package sde

Last updated on 2021-11-29 00:48:41 CET.

Flavor Version Tinstall Tcheck Ttotal Status Flags
r-devel-linux-x86_64-debian-clang 2.0.15 OK
r-devel-linux-x86_64-debian-gcc 2.0.15 7.60 80.27 87.87 OK
r-devel-linux-x86_64-fedora-clang 2.0.15 144.52 NOTE
r-devel-linux-x86_64-fedora-gcc 2.0.15 131.88 NOTE
r-devel-windows-x86_64-new-UL 2.0.15 25.00 156.00 181.00 OK
r-devel-windows-x86_64-new-TK 2.0.15 OK
r-devel-windows-x86_64-old 2.0.15 15.00 129.00 144.00 OK
r-patched-linux-x86_64 2.0.15 12.22 94.86 107.08 OK
r-patched-solaris-x86 2.0.15 196.60 OK
r-release-linux-x86_64 2.0.15 13.05 93.53 106.58 OK
r-release-macos-arm64 2.0.15 OK
r-release-macos-x86_64 2.0.15 OK
r-release-windows-ix86+x86_64 2.0.15 28.00 122.00 150.00 OK
r-oldrel-macos-x86_64 2.0.15 OK
r-oldrel-windows-ix86+x86_64 2.0.15 28.00 176.00 204.00 OK

Check Details

Version: 2.0.15
Check: compiled code
Result: NOTE
    File ‘sde/libs/sde.so’:
     Found no call to: ‘R_useDynamicSymbols’
    
    It is good practice to register native routines and to disable symbol
    search.
    
    See ‘Writing portable packages’ in the ‘Writing R Extensions’ manual.
Flavors: r-devel-linux-x86_64-fedora-clang, r-devel-linux-x86_64-fedora-gcc