Last updated on 2023-12-08 06:51:14 CET.
Flavor | Version | Tinstall | Tcheck | Ttotal | Status | Flags |
---|---|---|---|---|---|---|
r-devel-linux-x86_64-debian-clang | 0.1.9 | 180.53 | 72.83 | 253.36 | OK | |
r-devel-linux-x86_64-debian-gcc | 0.1.9 | 116.60 | 52.90 | 169.50 | OK | |
r-devel-linux-x86_64-fedora-clang | 0.1.9 | 356.40 | OK | |||
r-devel-linux-x86_64-fedora-gcc | 0.1.9 | 356.26 | OK | |||
r-devel-windows-x86_64 | 0.1.9 | 125.00 | 108.00 | 233.00 | OK | |
r-patched-linux-x86_64 | 0.1.9 | 143.24 | 68.20 | 211.44 | OK | |
r-release-linux-x86_64 | 0.1.9 | 147.04 | 68.15 | 215.19 | OK | |
r-release-macos-arm64 | 0.1.9 | 71.00 | NOTE | |||
r-release-macos-x86_64 | 0.1.9 | 97.00 | NOTE | |||
r-release-windows-x86_64 | 0.1.9 | 156.00 | 121.00 | 277.00 | OK | |
r-oldrel-macos-arm64 | 0.1.9 | 64.00 | NOTE | |||
r-oldrel-macos-x86_64 | 0.1.9 | 103.00 | NOTE | |||
r-oldrel-windows-x86_64 | 0.1.9 | 155.00 | 105.00 | 260.00 | OK |
Version: 0.1.9
Check: installed package size
Result: NOTE
installed size is 9.7Mb
sub-directories of 1Mb or more:
libs 8.8Mb
Flavors: r-release-macos-arm64, r-release-macos-x86_64, r-oldrel-macos-arm64, r-oldrel-macos-x86_64