CRAN Package Check Results for Package sdmApp

Last updated on 2021-11-28 00:49:00 CET.

Flavor Version Tinstall Tcheck Ttotal Status Flags
r-devel-linux-x86_64-debian-clang 0.0.2 OK
r-devel-linux-x86_64-debian-gcc 0.0.2 2.37 37.00 39.37 OK
r-devel-linux-x86_64-fedora-clang 0.0.2 70.40 NOTE
r-devel-linux-x86_64-fedora-gcc 0.0.2 59.50 NOTE
r-devel-windows-x86_64-new-UL 0.0.2 11.00 96.00 107.00 OK
r-devel-windows-x86_64-new-TK 0.0.2 NOTE
r-devel-windows-x86_64-old 0.0.2 7.00 81.00 88.00 OK
r-patched-linux-x86_64 0.0.2 6.99 46.18 53.17 OK
r-patched-solaris-x86 0.0.2 84.80 NOTE
r-release-linux-x86_64 0.0.2 OK
r-release-macos-arm64 0.0.2 NOTE
r-release-macos-x86_64 0.0.2 NOTE
r-release-windows-ix86+x86_64 0.0.2 6.00 52.00 58.00 OK
r-oldrel-macos-x86_64 0.0.2 NOTE
r-oldrel-windows-ix86+x86_64 0.0.2 7.00 73.00 80.00 OK

Check Details

Version: 0.0.2
Check: dependencies in R code
Result: NOTE
    Namespace in Imports field not imported from: ‘sp’
     All declared Imports should be used.
Flavors: r-devel-linux-x86_64-fedora-clang, r-devel-linux-x86_64-fedora-gcc, r-devel-windows-x86_64-new-TK, r-patched-solaris-x86, r-release-macos-arm64, r-release-macos-x86_64, r-oldrel-macos-x86_64

Version: 0.0.2
Check: installed package size
Result: NOTE
     installed size is 5.1Mb
     sub-directories of 1Mb or more:
     docs 1.9Mb
     extdata 2.1Mb
Flavor: r-patched-solaris-x86