Last updated on 2023-06-05 07:53:05 CEST.
Flavor | Version | Tinstall | Tcheck | Ttotal | Status | Flags |
---|---|---|---|---|---|---|
r-devel-linux-x86_64-debian-clang | 0.6-0 | 8.28 | 67.84 | 76.12 | OK | |
r-devel-linux-x86_64-debian-gcc | 0.6-0 | 6.21 | 53.91 | 60.12 | OK | |
r-devel-linux-x86_64-fedora-clang | 0.6-0 | 93.94 | NOTE | |||
r-devel-linux-x86_64-fedora-gcc | 0.6-0 | 93.07 | NOTE | |||
r-devel-windows-x86_64 | 0.6-0 | 9.00 | 89.00 | 98.00 | OK | |
r-patched-linux-x86_64 | 0.6-0 | 8.59 | 65.12 | 73.71 | OK | |
r-release-linux-x86_64 | 0.6-0 | 7.64 | 66.93 | 74.57 | OK | |
r-release-macos-arm64 | 0.6-0 | 30.00 | OK | |||
r-release-macos-x86_64 | 0.6-0 | 47.00 | OK | |||
r-release-windows-x86_64 | 0.6-0 | 12.00 | 98.00 | 110.00 | OK | |
r-oldrel-macos-arm64 | 0.6-0 | 30.00 | OK | |||
r-oldrel-macos-x86_64 | 0.6-0 | 40.00 | NOTE | |||
r-oldrel-windows-x86_64 | 0.6-0 | 13.00 | 93.00 | 106.00 | OK |
Version: 0.6-0
Check: data for non-ASCII characters
Result: NOTE
Note: found 3 marked UTF-8 strings
Flavors: r-devel-linux-x86_64-fedora-clang, r-devel-linux-x86_64-fedora-gcc, r-oldrel-macos-x86_64