CRAN Package Check Results for Package seas

Last updated on 2022-06-30 01:49:19 CEST.

Flavor Version Tinstall Tcheck Ttotal Status Flags
r-devel-linux-x86_64-debian-clang 0.6-0 8.53 65.96 74.49 OK
r-devel-linux-x86_64-debian-gcc 0.6-0 6.27 49.11 55.38 OK
r-devel-linux-x86_64-fedora-clang 0.6-0 95.93 NOTE
r-devel-linux-x86_64-fedora-gcc 0.6-0 95.07 NOTE
r-devel-windows-x86_64 0.6-0 23.00 98.00 121.00 OK
r-patched-linux-x86_64 0.6-0 8.73 60.47 69.20 OK
r-release-linux-x86_64 0.6-0 6.12 61.91 68.03 OK
r-release-macos-arm64 0.6-0 30.00 NOTE
r-release-macos-x86_64 0.6-0 40.00 NOTE
r-release-windows-x86_64 0.6-0 32.00 94.00 126.00 OK
r-oldrel-macos-arm64 0.6-0 28.00 NOTE
r-oldrel-macos-x86_64 0.6-0 40.00 NOTE
r-oldrel-windows-ix86+x86_64 0.6-0 18.00 140.00 158.00 OK

Check Details

Version: 0.6-0
Check: data for non-ASCII characters
Result: NOTE
     Note: found 3 marked UTF-8 strings
Flavors: r-devel-linux-x86_64-fedora-clang, r-devel-linux-x86_64-fedora-gcc, r-release-macos-arm64, r-release-macos-x86_64, r-oldrel-macos-arm64, r-oldrel-macos-x86_64