CRAN Package Check Results for Package secret

Last updated on 2023-02-05 01:54:33 CET.

Flavor Version Tinstall Tcheck Ttotal Status Flags
r-devel-linux-x86_64-debian-clang 1.1.0 3.17 33.34 36.51 NOTE
r-devel-linux-x86_64-debian-gcc 1.1.0 2.42 25.54 27.96 NOTE
r-devel-linux-x86_64-fedora-clang 1.1.0 45.22 NOTE
r-devel-linux-x86_64-fedora-gcc 1.1.0 54.89 NOTE
r-devel-windows-x86_64 1.1.0 22.00 70.00 92.00 NOTE
r-patched-linux-x86_64 1.1.0 3.61 31.79 35.40 NOTE
r-release-linux-x86_64 1.1.0 2.29 32.27 34.56 NOTE
r-release-macos-arm64 1.1.0 21.00 NOTE
r-release-macos-x86_64 1.1.0 25.00 NOTE
r-release-windows-x86_64 1.1.0 30.00 67.00 97.00 NOTE
r-oldrel-macos-arm64 1.1.0 24.00 NOTE
r-oldrel-macos-x86_64 1.1.0 32.00 NOTE
r-oldrel-windows-ix86+x86_64 1.1.0 8.00 61.00 69.00 NOTE

Check Details

Version: 1.1.0
Check: LazyData
Result: NOTE
     'LazyData' is specified without a 'data' directory
Flavors: r-devel-linux-x86_64-debian-clang, r-devel-linux-x86_64-debian-gcc, r-devel-linux-x86_64-fedora-clang, r-devel-linux-x86_64-fedora-gcc, r-devel-windows-x86_64, r-patched-linux-x86_64, r-release-linux-x86_64, r-release-macos-arm64, r-release-macos-x86_64, r-release-windows-x86_64, r-oldrel-macos-arm64, r-oldrel-macos-x86_64, r-oldrel-windows-ix86+x86_64