CRAN Package Check Results for Package secure

Last updated on 2020-07-09 01:57:50 CEST.

Flavor Version Tinstall Tcheck Ttotal Status Flags
r-devel-linux-x86_64-debian-clang 0.5 43.41 33.83 77.24 NOTE
r-devel-linux-x86_64-debian-gcc 0.5 35.84 26.65 62.49 NOTE
r-devel-linux-x86_64-fedora-clang 0.5 114.89 NOTE
r-devel-linux-x86_64-fedora-gcc 0.5 105.27 NOTE
r-devel-windows-ix86+x86_64 0.5 78.00 75.00 153.00 OK
r-patched-linux-x86_64 0.5 40.00 33.91 73.91 NOTE
r-patched-solaris-x86 0.5 105.60 OK
r-release-linux-x86_64 0.5 40.35 34.01 74.36 NOTE
r-release-osx-x86_64 0.5 OK
r-release-windows-ix86+x86_64 0.5 88.00 80.00 168.00 OK
r-oldrel-osx-x86_64 0.5 OK
r-oldrel-windows-ix86+x86_64 0.5 85.00 96.00 181.00 OK

Check Details

Version: 0.5
Check: use of SHLIB_OPENMP_*FLAGS in Makefiles
Result: NOTE
     src/Makevars: SHLIB_OPENMP_CFLAGS is included in PKG_LIBS but linking is by C++
    Use of these macros is discussed in sect 1.2.1.1 of 'Writing R
    Extensions'. The macros for different languages may differ so the
    matching macro must be used in PKG_CXXFLAGS (etc) and match that used
    in PKG_LIBS (except for Fortran: see the manual).
Flavors: r-devel-linux-x86_64-debian-clang, r-devel-linux-x86_64-debian-gcc, r-devel-linux-x86_64-fedora-clang, r-devel-linux-x86_64-fedora-gcc, r-patched-linux-x86_64, r-release-linux-x86_64