Last updated on 2019-12-06 00:50:12 CET.
Flavor | Version | Tinstall | Tcheck | Ttotal | Status | Flags |
---|---|---|---|---|---|---|
r-devel-linux-x86_64-debian-clang | 0.5 | 40.93 | 33.54 | 74.47 | NOTE | |
r-devel-linux-x86_64-debian-gcc | 0.5 | 36.14 | 26.74 | 62.88 | NOTE | |
r-devel-linux-x86_64-fedora-clang | 0.5 | 99.18 | NOTE | |||
r-devel-linux-x86_64-fedora-gcc | 0.5 | 98.67 | NOTE | |||
r-devel-windows-ix86+x86_64 | 0.5 | 81.00 | 93.00 | 174.00 | OK | |
r-devel-windows-ix86+x86_64-gcc8 | 0.5 | 79.00 | 105.00 | 184.00 | OK | |
r-patched-linux-x86_64 | 0.5 | 35.12 | 31.33 | 66.45 | NOTE | |
r-patched-solaris-x86 | 0.5 | 100.90 | OK | |||
r-release-linux-x86_64 | 0.5 | 35.71 | 31.34 | 67.05 | NOTE | |
r-release-windows-ix86+x86_64 | 0.5 | 92.00 | 67.00 | 159.00 | OK | |
r-release-osx-x86_64 | 0.5 | OK | ||||
r-oldrel-windows-ix86+x86_64 | 0.5 | 59.00 | 92.00 | 151.00 | OK | |
r-oldrel-osx-x86_64 | 0.5 | OK |
Version: 0.5
Check: use of SHLIB_OPENMP_*FLAGS in Makefiles
Result: NOTE
src/Makevars: SHLIB_OPENMP_CFLAGS is included in PKG_LIBS but linking is by C++
Use of these macros is discussed in sect 1.2.1.1 of 'Writing R
Extensions'. The macros for different languages may differ so the
matching macro must be used in PKG_CXXFLAGS (etc) and match that used
in PKG_LIBS (except for Fortran: see the manual).
Flavors: r-devel-linux-x86_64-debian-clang, r-devel-linux-x86_64-debian-gcc, r-devel-linux-x86_64-fedora-clang, r-devel-linux-x86_64-fedora-gcc, r-patched-linux-x86_64, r-release-linux-x86_64