CRAN Package Check Results for Package seededlda

Last updated on 2021-07-27 01:51:02 CEST.

Flavor Version Tinstall Tcheck Ttotal Status Flags
r-devel-linux-x86_64-debian-clang 0.6.0 0.54 2.69 3.23 ERROR
r-devel-linux-x86_64-debian-gcc 0.6.0 32.76 213.30 246.06 OK
r-devel-linux-x86_64-fedora-clang 0.6.0 433.60 OK
r-devel-linux-x86_64-fedora-gcc 0.6.0 416.77 OK
r-devel-windows-x86_64 0.6.0 59.00 350.00 409.00 OK
r-devel-windows-x86_64-gcc10-UCRT 0.6.0 OK
r-patched-linux-x86_64 0.6.0 39.76 282.66 322.42 OK
r-patched-solaris-x86 0.6.0 888.50 OK
r-release-linux-x86_64 0.6.0 40.20 287.91 328.11 OK
r-release-macos-arm64 0.6.0 OK
r-release-macos-x86_64 0.6.0 OK
r-release-windows-ix86+x86_64 0.6.0 107.00 518.00 625.00 OK
r-oldrel-macos-x86_64 0.6.0 OK
r-oldrel-windows-ix86+x86_64 0.6.0 82.00 622.00 704.00 OK

Check Details

Version: 0.6.0
Check: package dependencies
Result: ERROR
    Package required but not available: 'quanteda'
    
    Package suggested but not available for checking: 'quanteda.textmodels'
    
    See section 'The DESCRIPTION file' in the 'Writing R Extensions'
    manual.
Flavor: r-devel-linux-x86_64-debian-clang