CRAN Package Check Results for Package seeds

Last updated on 2021-08-03 01:50:48 CEST.

Flavor Version Tinstall Tcheck Ttotal Status Flags
r-devel-linux-x86_64-debian-clang 0.9.1 9.11 71.16 80.27 OK
r-devel-linux-x86_64-debian-gcc 0.9.1 6.47 53.44 59.91 OK
r-devel-linux-x86_64-fedora-clang 0.9.1 101.50 NOTE
r-devel-linux-x86_64-fedora-gcc 0.9.1 90.77 NOTE
r-devel-windows-x86_64 0.9.1 27.00 96.00 123.00 OK
r-devel-windows-x86_64-gcc10-UCRT 0.9.1 NOTE
r-patched-linux-x86_64 0.9.1 OK
r-patched-solaris-x86 0.9.1 121.90 NOTE
r-release-linux-x86_64 0.9.1 7.58 65.47 73.05 OK
r-release-macos-arm64 0.9.1 NOTE
r-release-macos-x86_64 0.9.1 NOTE
r-release-windows-ix86+x86_64 0.9.1 16.00 92.00 108.00 OK
r-oldrel-macos-x86_64 0.9.1 NOTE
r-oldrel-windows-ix86+x86_64 0.9.1 13.00 92.00 105.00 OK

Check Details

Version: 0.9.1
Check: package dependencies
Result: NOTE
    Package suggested but not available for checking: ‘rsbml’
Flavors: r-devel-linux-x86_64-fedora-clang, r-devel-linux-x86_64-fedora-gcc, r-devel-windows-x86_64-gcc10-UCRT, r-patched-solaris-x86, r-release-macos-arm64, r-release-macos-x86_64, r-oldrel-macos-x86_64