CRAN Package Check Results for Package seewave

Last updated on 2020-05-31 01:48:53 CEST.

Flavor Version Tinstall Tcheck Ttotal Status Flags
r-devel-linux-x86_64-debian-clang 2.1.5 15.48 132.82 148.30 OK
r-devel-linux-x86_64-debian-gcc 2.1.6 12.13 104.21 116.34 OK
r-devel-linux-x86_64-fedora-clang 2.1.6 192.57 OK
r-devel-linux-x86_64-fedora-gcc 2.1.6 169.50 OK
r-devel-windows-ix86+x86_64 2.1.6 28.00 205.00 233.00 OK
r-patched-linux-x86_64 2.1.6 13.70 134.52 148.22 OK
r-patched-solaris-x86 2.1.6 221.40 OK
r-release-linux-x86_64 2.1.6 13.77 100.59 114.36 OK
r-release-osx-x86_64 2.1.5 NOTE
r-release-windows-ix86+x86_64 2.1.5 20.00 202.00 222.00 OK
r-oldrel-osx-x86_64 2.1.6 NOTE
r-oldrel-windows-ix86+x86_64 2.1.6 28.00 200.00 228.00 OK

Check Details

Version: 2.1.5
Check: package dependencies
Result: NOTE
    Package suggested but not available for checking: ‘rpanel’
Flavor: r-release-osx-x86_64

Version: 2.1.6
Check: package dependencies
Result: NOTE
    Package suggested but not available for checking: ‘rpanel’
Flavor: r-oldrel-osx-x86_64